{"id":868,"date":"2022-09-18T16:09:37","date_gmt":"2022-09-18T14:09:37","guid":{"rendered":"https:\/\/musique-sacree-aix.fr\/?page_id=868"},"modified":"2022-09-19T16:09:57","modified_gmt":"2022-09-19T14:09:57","slug":"adhesion","status":"publish","type":"page","link":"https:\/\/musique-sacree-aix.fr\/index.php\/adhesion\/","title":{"rendered":"Nous soutenir"},"content":{"rendered":"\n<p class=\"has-text-align-center\"><strong>Notre association ne b\u00e9n\u00e9ficie \u00e0 ce jour d&rsquo;aucune subvention publique. <\/strong><br><strong>Elle ne vit que par ses membres, ses b\u00e9n\u00e9voles qui l&rsquo;animent et par la g\u00e9n\u00e9rosit\u00e9 de notre public. <\/strong><\/p>\n\n\n\n<p>Nous avons besoins de vous et vous avez la possibilit\u00e9 de nous soutenir par <strong>deux moyens <\/strong>: <\/p>\n\n\n\n<p class=\"has-text-align-justify\">1 &#8211; <strong>En adh\u00e9rant \u00e0 notre association en<\/strong> <a href=\"https:\/\/www.helloasso.com\/associations\/musique-sacree-a-la-cathedrale-d-aix-en-provence\/adhesions\/adherer-a-l-association-musique-sacree-a-la-cathedrale-d-aix-en-provence\" target=\"_blank\" rel=\"noreferrer noopener\">cliquant ICI<\/a><\/p>\n\n\n\n<p><em>Adh\u00e9rer \u00e0 notre association c&rsquo;est \u00eatre inform\u00e9 en premier de nos concerts et \u00e9v\u00e8nements, b\u00e9n\u00e9ficier d&rsquo;avantages exclusifs pour nos concerts et \u00e9v\u00e8nements (rencontre avec les artistes, tarifs super-r\u00e9duits pour les \u00e9v\u00e8nements \u00e0 billetterie)<\/em><\/p>\n\n\n\n<p class=\"has-text-align-justify\">2- En r\u00e9alisant un don au profit de notre association : <a href=\"https:\/\/www.helloasso.com\/associations\/musique-sacree-a-la-cathedrale-d-aix-en-provence\/formulaires\/1\/widget\" target=\"_blank\" rel=\"noreferrer noopener\">Cliquez ICI<\/a><\/p>\n\n\n\n<p class=\"has-text-align-justify\"><em>Que vous soyez adh\u00e9rent ou non, votre don contribue \u00e0 apporter votre soutien en nous aidant \u00e0 financer nos activit\u00e9s (cachets des artistes, paiements des droits de production, affiches, site internet, etc.)<br><strong>Notre association \u00e9tant reconnue d\u2019int\u00e9r\u00eat g\u00e9n\u00e9ral, le montant des dons ouvre droit \u00e0 une r\u00e9duction d\u2019imp\u00f4t (66% dans la limite de 20% des revenus imposables)<\/strong><\/em><\/p>\n\n\n\n<div style=\"height:100px\" aria-hidden=\"true\" class=\"wp-block-spacer\"><\/div>\n","protected":false},"excerpt":{"rendered":"<p>Notre association ne b\u00e9n\u00e9ficie \u00e0 ce jour d&rsquo;aucune subvention publique. Elle ne vit que par ses membres, ses b\u00e9n\u00e9voles qui l&rsquo;animent et par la g\u00e9n\u00e9rosit\u00e9 de notre public. Nous avons besoins de vous et vous avez la possibilit\u00e9 de nous soutenir par deux moyens : 1 &#8211; En adh\u00e9rant \u00e0 notre association en cliquant ICI &hellip; <\/p>\n","protected":false},"author":1,"featured_media":899,"parent":0,"menu_order":0,"comment_status":"closed","ping_status":"closed","template":"","meta":{"spay_email":""},"yoast_head":"<!-- This site is optimized with the Yoast SEO plugin v17.9 - https:\/\/yoast.com\/wordpress\/plugins\/seo\/ -->\n<title>Nous soutenir - Musique Sacr\u00e9e<\/title>\n<meta name=\"robots\" content=\"index, follow, max-snippet:-1, max-image-preview:large, max-video-preview:-1\" \/>\n<link rel=\"canonical\" href=\"https:\/\/musique-sacree-aix.fr\/index.php\/adhesion\/\" \/>\n<meta property=\"og:locale\" content=\"fr_FR\" \/>\n<meta property=\"og:type\" content=\"article\" \/>\n<meta property=\"og:title\" content=\"Nous soutenir - Musique Sacr\u00e9e\" \/>\n<meta property=\"og:description\" content=\"Notre association ne b\u00e9n\u00e9ficie \u00e0 ce jour d&rsquo;aucune subvention publique. Elle ne vit que par ses membres, ses b\u00e9n\u00e9voles qui l&rsquo;animent et par la g\u00e9n\u00e9rosit\u00e9 de notre public. Nous avons besoins de vous et vous avez la possibilit\u00e9 de nous soutenir par deux moyens : 1 &#8211; En adh\u00e9rant \u00e0 notre association en cliquant ICI &hellip;\" \/>\n<meta property=\"og:url\" content=\"https:\/\/musique-sacree-aix.fr\/index.php\/adhesion\/\" \/>\n<meta property=\"og:site_name\" content=\"Musique Sacr\u00e9e\" \/>\n<meta property=\"article:publisher\" content=\"https:\/\/www.facebook.com\/musiquesacree.cathedraleaix\/\" \/>\n<meta property=\"article:modified_time\" content=\"2022-09-19T14:09:57+00:00\" \/>\n<meta property=\"og:image\" content=\"https:\/\/musique-sacree-aix.fr\/wp-content\/uploads\/2022\/09\/Banniere-Nous-soutenirv2.jpg\" \/>\n\t<meta property=\"og:image:width\" content=\"1920\" \/>\n\t<meta property=\"og:image:height\" content=\"660\" \/>\n\t<meta property=\"og:image:type\" content=\"image\/jpeg\" \/>\n<meta name=\"twitter:card\" content=\"summary_large_image\" \/>\n<meta name=\"twitter:label1\" content=\"Dur\u00e9e de lecture estim\u00e9e\" \/>\n\t<meta name=\"twitter:data1\" content=\"1 minute\" \/>\n<script type=\"application\/ld+json\" class=\"yoast-schema-graph\">{\"@context\":\"https:\/\/schema.org\",\"@graph\":[{\"@type\":\"Organization\",\"@id\":\"https:\/\/musique-sacree-aix.fr\/#organization\",\"name\":\"Musique Sacr\\u00e9e \\u00e0 la Cath\\u00e9drale d'Aix-en-Provence\",\"url\":\"https:\/\/musique-sacree-aix.fr\/\",\"sameAs\":[\"https:\/\/www.facebook.com\/musiquesacree.cathedraleaix\/\",\"https:\/\/www.youtube.com\/channel\/UC6PTCinXrlV6yM0dU4YTBww\"],\"logo\":{\"@type\":\"ImageObject\",\"@id\":\"https:\/\/musique-sacree-aix.fr\/#logo\",\"inLanguage\":\"fr-FR\",\"url\":\"https:\/\/musique-sacree-aix.fr\/wp-content\/uploads\/2020\/09\/HD-Logo-MSCA-couleur.png\",\"contentUrl\":\"https:\/\/musique-sacree-aix.fr\/wp-content\/uploads\/2020\/09\/HD-Logo-MSCA-couleur.png\",\"width\":2362,\"height\":2362,\"caption\":\"Musique Sacr\\u00e9e \\u00e0 la Cath\\u00e9drale d'Aix-en-Provence\"},\"image\":{\"@id\":\"https:\/\/musique-sacree-aix.fr\/#logo\"}},{\"@type\":\"WebSite\",\"@id\":\"https:\/\/musique-sacree-aix.fr\/#website\",\"url\":\"https:\/\/musique-sacree-aix.fr\/\",\"name\":\"Musique Sacr\\u00e9e Aix\",\"description\":\"\\u00e0 la Cath\\u00e9drale dAix-en-Provence\",\"publisher\":{\"@id\":\"https:\/\/musique-sacree-aix.fr\/#organization\"},\"potentialAction\":[{\"@type\":\"SearchAction\",\"target\":{\"@type\":\"EntryPoint\",\"urlTemplate\":\"https:\/\/musique-sacree-aix.fr\/?s={search_term_string}\"},\"query-input\":\"required name=search_term_string\"}],\"inLanguage\":\"fr-FR\"},{\"@type\":\"ImageObject\",\"@id\":\"https:\/\/musique-sacree-aix.fr\/index.php\/adhesion\/#primaryimage\",\"inLanguage\":\"fr-FR\",\"url\":\"https:\/\/musique-sacree-aix.fr\/wp-content\/uploads\/2022\/09\/Banniere-Nous-soutenirv2.jpg\",\"contentUrl\":\"https:\/\/musique-sacree-aix.fr\/wp-content\/uploads\/2022\/09\/Banniere-Nous-soutenirv2.jpg\",\"width\":1920,\"height\":660},{\"@type\":\"WebPage\",\"@id\":\"https:\/\/musique-sacree-aix.fr\/index.php\/adhesion\/#webpage\",\"url\":\"https:\/\/musique-sacree-aix.fr\/index.php\/adhesion\/\",\"name\":\"Nous soutenir - Musique Sacr\\u00e9e\",\"isPartOf\":{\"@id\":\"https:\/\/musique-sacree-aix.fr\/#website\"},\"primaryImageOfPage\":{\"@id\":\"https:\/\/musique-sacree-aix.fr\/index.php\/adhesion\/#primaryimage\"},\"datePublished\":\"2022-09-18T14:09:37+00:00\",\"dateModified\":\"2022-09-19T14:09:57+00:00\",\"breadcrumb\":{\"@id\":\"https:\/\/musique-sacree-aix.fr\/index.php\/adhesion\/#breadcrumb\"},\"inLanguage\":\"fr-FR\",\"potentialAction\":[{\"@type\":\"ReadAction\",\"target\":[\"https:\/\/musique-sacree-aix.fr\/index.php\/adhesion\/\"]}]},{\"@type\":\"BreadcrumbList\",\"@id\":\"https:\/\/musique-sacree-aix.fr\/index.php\/adhesion\/#breadcrumb\",\"itemListElement\":[{\"@type\":\"ListItem\",\"position\":1,\"name\":\"Accueil\",\"item\":\"https:\/\/musique-sacree-aix.fr\/\"},{\"@type\":\"ListItem\",\"position\":2,\"name\":\"Nous soutenir\"}]}]}<\/script>\n<!-- \/ Yoast SEO plugin. -->","yoast_head_json":{"title":"Nous soutenir - Musique Sacr\u00e9e","robots":{"index":"index","follow":"follow","max-snippet":"max-snippet:-1","max-image-preview":"max-image-preview:large","max-video-preview":"max-video-preview:-1"},"canonical":"https:\/\/musique-sacree-aix.fr\/index.php\/adhesion\/","og_locale":"fr_FR","og_type":"article","og_title":"Nous soutenir - Musique Sacr\u00e9e","og_description":"Notre association ne b\u00e9n\u00e9ficie \u00e0 ce jour d&rsquo;aucune subvention publique. Elle ne vit que par ses membres, ses b\u00e9n\u00e9voles qui l&rsquo;animent et par la g\u00e9n\u00e9rosit\u00e9 de notre public. Nous avons besoins de vous et vous avez la possibilit\u00e9 de nous soutenir par deux moyens : 1 &#8211; En adh\u00e9rant \u00e0 notre association en cliquant ICI &hellip;","og_url":"https:\/\/musique-sacree-aix.fr\/index.php\/adhesion\/","og_site_name":"Musique Sacr\u00e9e","article_publisher":"https:\/\/www.facebook.com\/musiquesacree.cathedraleaix\/","article_modified_time":"2022-09-19T14:09:57+00:00","og_image":[{"width":1920,"height":660,"url":"https:\/\/musique-sacree-aix.fr\/wp-content\/uploads\/2022\/09\/Banniere-Nous-soutenirv2.jpg","type":"image\/jpeg"}],"twitter_card":"summary_large_image","twitter_misc":{"Dur\u00e9e de lecture estim\u00e9e":"1 minute"},"schema":{"@context":"https:\/\/schema.org","@graph":[{"@type":"Organization","@id":"https:\/\/musique-sacree-aix.fr\/#organization","name":"Musique Sacr\u00e9e \u00e0 la Cath\u00e9drale d'Aix-en-Provence","url":"https:\/\/musique-sacree-aix.fr\/","sameAs":["https:\/\/www.facebook.com\/musiquesacree.cathedraleaix\/","https:\/\/www.youtube.com\/channel\/UC6PTCinXrlV6yM0dU4YTBww"],"logo":{"@type":"ImageObject","@id":"https:\/\/musique-sacree-aix.fr\/#logo","inLanguage":"fr-FR","url":"https:\/\/musique-sacree-aix.fr\/wp-content\/uploads\/2020\/09\/HD-Logo-MSCA-couleur.png","contentUrl":"https:\/\/musique-sacree-aix.fr\/wp-content\/uploads\/2020\/09\/HD-Logo-MSCA-couleur.png","width":2362,"height":2362,"caption":"Musique Sacr\u00e9e \u00e0 la Cath\u00e9drale d'Aix-en-Provence"},"image":{"@id":"https:\/\/musique-sacree-aix.fr\/#logo"}},{"@type":"WebSite","@id":"https:\/\/musique-sacree-aix.fr\/#website","url":"https:\/\/musique-sacree-aix.fr\/","name":"Musique Sacr\u00e9e Aix","description":"\u00e0 la Cath\u00e9drale dAix-en-Provence","publisher":{"@id":"https:\/\/musique-sacree-aix.fr\/#organization"},"potentialAction":[{"@type":"SearchAction","target":{"@type":"EntryPoint","urlTemplate":"https:\/\/musique-sacree-aix.fr\/?s={search_term_string}"},"query-input":"required name=search_term_string"}],"inLanguage":"fr-FR"},{"@type":"ImageObject","@id":"https:\/\/musique-sacree-aix.fr\/index.php\/adhesion\/#primaryimage","inLanguage":"fr-FR","url":"https:\/\/musique-sacree-aix.fr\/wp-content\/uploads\/2022\/09\/Banniere-Nous-soutenirv2.jpg","contentUrl":"https:\/\/musique-sacree-aix.fr\/wp-content\/uploads\/2022\/09\/Banniere-Nous-soutenirv2.jpg","width":1920,"height":660},{"@type":"WebPage","@id":"https:\/\/musique-sacree-aix.fr\/index.php\/adhesion\/#webpage","url":"https:\/\/musique-sacree-aix.fr\/index.php\/adhesion\/","name":"Nous soutenir - Musique Sacr\u00e9e","isPartOf":{"@id":"https:\/\/musique-sacree-aix.fr\/#website"},"primaryImageOfPage":{"@id":"https:\/\/musique-sacree-aix.fr\/index.php\/adhesion\/#primaryimage"},"datePublished":"2022-09-18T14:09:37+00:00","dateModified":"2022-09-19T14:09:57+00:00","breadcrumb":{"@id":"https:\/\/musique-sacree-aix.fr\/index.php\/adhesion\/#breadcrumb"},"inLanguage":"fr-FR","potentialAction":[{"@type":"ReadAction","target":["https:\/\/musique-sacree-aix.fr\/index.php\/adhesion\/"]}]},{"@type":"BreadcrumbList","@id":"https:\/\/musique-sacree-aix.fr\/index.php\/adhesion\/#breadcrumb","itemListElement":[{"@type":"ListItem","position":1,"name":"Accueil","item":"https:\/\/musique-sacree-aix.fr\/"},{"@type":"ListItem","position":2,"name":"Nous soutenir"}]}]}},"jetpack_sharing_enabled":true,"_links":{"self":[{"href":"https:\/\/musique-sacree-aix.fr\/index.php\/wp-json\/wp\/v2\/pages\/868"}],"collection":[{"href":"https:\/\/musique-sacree-aix.fr\/index.php\/wp-json\/wp\/v2\/pages"}],"about":[{"href":"https:\/\/musique-sacree-aix.fr\/index.php\/wp-json\/wp\/v2\/types\/page"}],"author":[{"embeddable":true,"href":"https:\/\/musique-sacree-aix.fr\/index.php\/wp-json\/wp\/v2\/users\/1"}],"replies":[{"embeddable":true,"href":"https:\/\/musique-sacree-aix.fr\/index.php\/wp-json\/wp\/v2\/comments?post=868"}],"version-history":[{"count":22,"href":"https:\/\/musique-sacree-aix.fr\/index.php\/wp-json\/wp\/v2\/pages\/868\/revisions"}],"predecessor-version":[{"id":904,"href":"https:\/\/musique-sacree-aix.fr\/index.php\/wp-json\/wp\/v2\/pages\/868\/revisions\/904"}],"wp:featuredmedia":[{"embeddable":true,"href":"https:\/\/musique-sacree-aix.fr\/index.php\/wp-json\/wp\/v2\/media\/899"}],"wp:attachment":[{"href":"https:\/\/musique-sacree-aix.fr\/index.php\/wp-json\/wp\/v2\/media?parent=868"}],"curies":[{"name":"wp","href":"https:\/\/api.w.org\/{rel}","templated":true}]}}

<p class="has-text-align-center"><strong>Notre association ne bénéficie à ce jour d&rsquo;aucune subvention publique. </strong><br><strong>Elle ne vit que par ses membres, ses bénévoles qui l&rsquo;animent et par la générosité de notre public. </strong></p>



<p>Nous avons besoins de vous et vous avez la possibilité de nous soutenir par <strong>deux moyens </strong>: </p>



<p class="has-text-align-justify">1 &#8211; <strong>En adhérant à notre association en</strong> <a href="https://www.helloasso.com/associations/musique-sacree-a-la-cathedrale-d-aix-en-provence/adhesions/adherer-a-l-association-musique-sacree-a-la-cathedrale-d-aix-en-provence" target="_blank" rel="noreferrer noopener">cliquant ICI</a></p>



<p><em>Adhérer à notre association c&rsquo;est être informé en premier de nos concerts et évènements, bénéficier d&rsquo;avantages exclusifs pour nos concerts et évènements (rencontre avec les artistes, tarifs super-réduits pour les évènements à billetterie)</em></p>



<p class="has-text-align-justify">2- En réalisant un don au profit de notre association : <a href="https://www.helloasso.com/associations/musique-sacree-a-la-cathedrale-d-aix-en-provence/formulaires/1/widget" target="_blank" rel="noreferrer noopener">Cliquez ICI</a></p>



<p class="has-text-align-justify"><em>Que vous soyez adhérent ou non, votre don contribue à apporter votre soutien en nous aidant à financer nos activités (cachets des artistes, paiements des droits de production, affiches, site internet, etc.)<br><strong>Notre association étant reconnue d’intérêt général, le montant des dons ouvre droit à une réduction d’impôt (66% dans la limite de 20% des revenus imposables)</strong></em></p>



<div style="height:100px" aria-hidden="true" class="wp-block-spacer"></div>

<p>Notre association ne bénéficie à ce jour d&rsquo;aucune subvention publique. Elle ne vit que par ses membres, ses bénévoles qui l&rsquo;animent et par la générosité de notre public. Nous avons besoins de vous et vous avez la possibilité de nous soutenir par deux moyens : 1 &#8211; En adhérant à notre association en cliquant ICI &hellip; </p>

<!-- This site is optimized with the Yoast SEO plugin v17.9 - https://yoast.com/wordpress/plugins/seo/ -->
<title>Nous soutenir - Musique Sacrée</title>
<meta name="robots" content="index, follow, max-snippet:-1, max-image-preview:large, max-video-preview:-1" />
<link rel="canonical" href="https://musique-sacree-aix.fr/index.php/adhesion/" />
<meta property="og:locale" content="fr_FR" />
<meta property="og:type" content="article" />
<meta property="og:title" content="Nous soutenir - Musique Sacrée" />
<meta property="og:description" content="Notre association ne bénéficie à ce jour d&rsquo;aucune subvention publique. Elle ne vit que par ses membres, ses bénévoles qui l&rsquo;animent et par la générosité de notre public. Nous avons besoins de vous et vous avez la possibilité de nous soutenir par deux moyens : 1 &#8211; En adhérant à notre association en cliquant ICI &hellip;" />
<meta property="og:url" content="https://musique-sacree-aix.fr/index.php/adhesion/" />
<meta property="og:site_name" content="Musique Sacrée" />
<meta property="article:publisher" content="https://www.facebook.com/musiquesacree.cathedraleaix/" />
<meta property="article:modified_time" content="2022-09-19T14:09:57+00:00" />
<meta property="og:image" content="https://musique-sacree-aix.fr/wp-content/uploads/2022/09/Banniere-Nous-soutenirv2.jpg" />
	<meta property="og:image:width" content="1920" />
	<meta property="og:image:height" content="660" />
	<meta property="og:image:type" content="image/jpeg" />
<meta name="twitter:card" content="summary_large_image" />
<meta name="twitter:label1" content="Durée de lecture estimée" />
	<meta name="twitter:data1" content="1 minute" />
<script type="application/ld+json" class="yoast-schema-graph">{"@context":"https://schema.org","@graph":[{"@type":"Organization","@id":"https://musique-sacree-aix.fr/#organization","name":"Musique Sacr\u00e9e \u00e0 la Cath\u00e9drale d'Aix-en-Provence","url":"https://musique-sacree-aix.fr/","sameAs":["https://www.facebook.com/musiquesacree.cathedraleaix/","https://www.youtube.com/channel/UC6PTCinXrlV6yM0dU4YTBww"],"logo":{"@type":"ImageObject","@id":"https://musique-sacree-aix.fr/#logo","inLanguage":"fr-FR","url":"https://musique-sacree-aix.fr/wp-content/uploads/2020/09/HD-Logo-MSCA-couleur.png","contentUrl":"https://musique-sacree-aix.fr/wp-content/uploads/2020/09/HD-Logo-MSCA-couleur.png","width":2362,"height":2362,"caption":"Musique Sacr\u00e9e \u00e0 la Cath\u00e9drale d'Aix-en-Provence"},"image":{"@id":"https://musique-sacree-aix.fr/#logo"}},{"@type":"WebSite","@id":"https://musique-sacree-aix.fr/#website","url":"https://musique-sacree-aix.fr/","name":"Musique Sacr\u00e9e Aix","description":"\u00e0 la Cath\u00e9drale dAix-en-Provence","publisher":{"@id":"https://musique-sacree-aix.fr/#organization"},"potentialAction":[{"@type":"SearchAction","target":{"@type":"EntryPoint","urlTemplate":"https://musique-sacree-aix.fr/?s={search_term_string}"},"query-input":"required name=search_term_string"}],"inLanguage":"fr-FR"},{"@type":"ImageObject","@id":"https://musique-sacree-aix.fr/index.php/adhesion/#primaryimage","inLanguage":"fr-FR","url":"https://musique-sacree-aix.fr/wp-content/uploads/2022/09/Banniere-Nous-soutenirv2.jpg","contentUrl":"https://musique-sacree-aix.fr/wp-content/uploads/2022/09/Banniere-Nous-soutenirv2.jpg","width":1920,"height":660},{"@type":"WebPage","@id":"https://musique-sacree-aix.fr/index.php/adhesion/#webpage","url":"https://musique-sacree-aix.fr/index.php/adhesion/","name":"Nous soutenir - Musique Sacr\u00e9e","isPartOf":{"@id":"https://musique-sacree-aix.fr/#website"},"primaryImageOfPage":{"@id":"https://musique-sacree-aix.fr/index.php/adhesion/#primaryimage"},"datePublished":"2022-09-18T14:09:37+00:00","dateModified":"2022-09-19T14:09:57+00:00","breadcrumb":{"@id":"https://musique-sacree-aix.fr/index.php/adhesion/#breadcrumb"},"inLanguage":"fr-FR","potentialAction":[{"@type":"ReadAction","target":["https://musique-sacree-aix.fr/index.php/adhesion/"]}]},{"@type":"BreadcrumbList","@id":"https://musique-sacree-aix.fr/index.php/adhesion/#breadcrumb","itemListElement":[{"@type":"ListItem","position":1,"name":"Accueil","item":"https://musique-sacree-aix.fr/"},{"@type":"ListItem","position":2,"name":"Nous soutenir"}]}]}</script>
<!-- / Yoast SEO plugin. -->

Nous soutenir - Musique Sacrée

Notre association ne bénéficie à ce jour d&rsquo;aucune subvention publique. Elle ne vit que par ses membres, ses bénévoles qui l&rsquo;animent et par la générosité de notre public. Nous avons besoins de vous et vous avez la possibilité de nous soutenir par deux moyens : 1 &#8211; En adhérant à notre association en cliquant ICI &hellip;

Musique Sacrée

Musique Sacrée à la Cathédrale d'Aix-en-Provence

Musique Sacrée Aix

à la Cathédrale dAix-en-Provence
