{"id":5,"date":"2020-09-20T19:05:02","date_gmt":"2020-09-20T17:05:02","guid":{"rendered":"http:\/\/musique-sacree-aix.fr\/?page_id=5"},"modified":"2021-06-25T14:57:17","modified_gmt":"2021-06-25T12:57:17","slug":"accueil-musique-sacree-aix","status":"publish","type":"page","link":"https:\/\/musique-sacree-aix.fr\/","title":{"rendered":"Musique Sacr\u00e9e Aix"},"content":{"rendered":"<p>Cr\u00e9\u00e9e fin 2018, l\u2019Association Musique Sacr\u00e9e \u00e0 la Cath\u00e9drale d\u2019Aix-en-Provence a vu le jour afin de regrouper toutes les activit\u00e9s musicales et culturelles au sein de la Cath\u00e9drale Saint-Sauveur.<\/p>\n<p><\/p>\n\n\n<p><\/p>\n\n\n\n<p><\/p>\n\n\n\n<p>Comme depuis d\u00e9j\u00e0 deux ans, notre Association propose une saison musicale afin d\u2019offrir chaque mois un concert qui met en valeur l\u2019orgue de la Cath\u00e9drale, instrument class\u00e9 aux monuments historiques, et les ch\u0153urs de la Cath\u00e9drale, force vive de ce lieu multis\u00e9culaire. La saison musicale alterne des concerts d\u2019<a href=\"https:\/\/musique-sacree-aix.fr\/index.php\/lorgue\/\">orgue<\/a> seul, d\u2019orgue en musique de chambre (fl\u00fbte, trompette, violoncelle, \u2026), et des concerts de ch\u0153ur (avec la participation de l\u2019orgue si n\u00e9cessaire). Une place privil\u00e9gi\u00e9e est \u00e9galement donn\u00e9e \u00e0 l\u2019improvisation sur des th\u00e9matiques diverses. Elle est d\u00e9velopp\u00e9e \u00e0 l\u2019ann\u00e9e, mais nous communiquons les informations en fonction de l\u2019ann\u00e9e scolaire. Ainsi, les documents de communication sont \u00e0 cheval sur deux ann\u00e9es civiles.<\/p>\n\n\n\n<p>Gr\u00e2ce \u00e0 cette saison artistique, de nombreux artistes viennent chaque ann\u00e9e \u00e0 Aix-en-Provence et participent au rayonnement de notre cit\u00e9 et de la Cath\u00e9drale. Nous alternons l&rsquo;invitation d&rsquo;artistes locaux (sur la r\u00e9gion) et des musiciens plus internationalement reconnus.<\/p>\n\n\n\n<p>Au-del\u00e0 du concert classique, nous essayons de proposer des soir\u00e9es originales, telles que les cin\u00e9-concerts. Ces deux derni\u00e8res ann\u00e9es, nous avons inviter <a href=\"https:\/\/www.thomasospital.com\/\">Thomas Ospital<\/a>, organiste de l&rsquo;\u00e9glise Saint-Eustache \u00e0 Paris, et \u00e9galement organiste en r\u00e9sidence \u00e0 Radio-France, pour improviser dans la Cath\u00e9drale sur des films muets de Charlie Chaplin et Buster Keaton. Nous avons \u00e9galement eu la chance d&rsquo;accueillir <a href=\"http:\/\/www.escaich.org\/\">Thierry Escaich<\/a>, l&rsquo;un des compositeur-organiste-improvisateur les plus connus au monde, pour improviser sur le film muet \u00ab Le Fant\u00f4me de l&rsquo;Op\u00e9ra \u00bb de Rupert Julian. Ces soir\u00e9es ont rencontr\u00e9 un vif succ\u00e8s et le public \u00e9tait au rendez-vous. Nous avons eu \u00e9galement la joie de pouvoir accueillir le tr\u00e8s talentueux <a href=\"https:\/\/fr.wikipedia.org\/wiki\/Olivier_Latry\">Olivier LATRY<\/a>, titulaire des grandes orgues de <a href=\"https:\/\/fr.wikipedia.org\/wiki\/Cath%C3%A9drale_Notre-Dame_de_Paris\">Notre-dame-de-Paris<\/a><\/p>\n\n\n\n<p>En plus de cette programmation, nous organisons des actions de m\u00e9diation par l&rsquo;interm\u00e9diaire de visites de l&rsquo;orgue, qui int\u00e9ressent de nombreux aixois et visiteurs.<\/p>\n\n\n\n<p>Fort de ces r\u00e9ussites, nous avons pass\u00e9 un certain nombre de partenariats avec des institutions aixoises et r\u00e9gionales.<\/p>\n\n\n\n<p>Nous vous souhaitons la bienvenue sur notre Site Musique Sacr\u00e9e Aix<\/p>\n","protected":false},"excerpt":{"rendered":"<p>Cr\u00e9\u00e9e fin 2018, l\u2019Association Musique Sacr\u00e9e \u00e0 la Cath\u00e9drale d\u2019Aix-en-Provence a vu le jour afin de regrouper toutes les activit\u00e9s musicales et culturelles au sein de la Cath\u00e9drale Saint-Sauveur. Comme depuis d\u00e9j\u00e0 deux ans, notre Association propose une saison musicale afin d\u2019offrir chaque mois un concert qui met en valeur l\u2019orgue de la Cath\u00e9drale, instrument &hellip; <\/p>\n","protected":false},"author":1,"featured_media":117,"parent":0,"menu_order":0,"comment_status":"closed","ping_status":"closed","template":"","meta":{"spay_email":""},"yoast_head":"<!-- This site is optimized with the Yoast SEO plugin v17.9 - https:\/\/yoast.com\/wordpress\/plugins\/seo\/ -->\n<title>Musique Sacr\u00e9e Aix Cath\u00e9drale Aix-en-Provence MSCA<\/title>\n<meta name=\"description\" content=\"Retrouvez toutes les activit\u00e9s musicales et culturelles au sein de la Cath\u00e9drale Saint-Sauveur d&#039;Aix-en-Provence concerts musique sacr\u00e9e\" \/>\n<meta name=\"robots\" content=\"index, follow, max-snippet:-1, max-image-preview:large, max-video-preview:-1\" \/>\n<link rel=\"canonical\" href=\"https:\/\/musique-sacree-aix.fr\/\" \/>\n<meta property=\"og:locale\" content=\"fr_FR\" \/>\n<meta property=\"og:type\" content=\"article\" \/>\n<meta property=\"og:title\" content=\"Musique Sacr\u00e9e Aix Cath\u00e9drale Aix-en-Provence MSCA\" \/>\n<meta property=\"og:description\" content=\"Retrouvez toutes les activit\u00e9s musicales et culturelles au sein de la Cath\u00e9drale Saint-Sauveur d&#039;Aix-en-Provence concerts musique sacr\u00e9e\" \/>\n<meta property=\"og:url\" content=\"https:\/\/musique-sacree-aix.fr\/\" \/>\n<meta property=\"og:site_name\" content=\"Musique Sacr\u00e9e\" \/>\n<meta property=\"article:publisher\" content=\"https:\/\/www.facebook.com\/musiquesacree.cathedraleaix\/\" \/>\n<meta property=\"article:modified_time\" content=\"2021-06-25T12:57:17+00:00\" \/>\n<meta property=\"og:image\" content=\"https:\/\/musique-sacree-aix.fr\/wp-content\/uploads\/2020\/12\/IMG_99992-scaled.jpg\" \/>\n\t<meta property=\"og:image:width\" content=\"2560\" \/>\n\t<meta property=\"og:image:height\" content=\"1707\" \/>\n\t<meta property=\"og:image:type\" content=\"image\/jpeg\" \/>\n<meta name=\"twitter:card\" content=\"summary_large_image\" \/>\n<meta name=\"twitter:label1\" content=\"Dur\u00e9e de lecture estim\u00e9e\" \/>\n\t<meta name=\"twitter:data1\" content=\"2 minutes\" \/>\n<script type=\"application\/ld+json\" class=\"yoast-schema-graph\">{\"@context\":\"https:\/\/schema.org\",\"@graph\":[{\"@type\":\"Organization\",\"@id\":\"https:\/\/musique-sacree-aix.fr\/#organization\",\"name\":\"Musique Sacr\\u00e9e \\u00e0 la Cath\\u00e9drale d'Aix-en-Provence\",\"url\":\"https:\/\/musique-sacree-aix.fr\/\",\"sameAs\":[\"https:\/\/www.facebook.com\/musiquesacree.cathedraleaix\/\",\"https:\/\/www.youtube.com\/channel\/UC6PTCinXrlV6yM0dU4YTBww\"],\"logo\":{\"@type\":\"ImageObject\",\"@id\":\"https:\/\/musique-sacree-aix.fr\/#logo\",\"inLanguage\":\"fr-FR\",\"url\":\"https:\/\/musique-sacree-aix.fr\/wp-content\/uploads\/2020\/09\/HD-Logo-MSCA-couleur.png\",\"contentUrl\":\"https:\/\/musique-sacree-aix.fr\/wp-content\/uploads\/2020\/09\/HD-Logo-MSCA-couleur.png\",\"width\":2362,\"height\":2362,\"caption\":\"Musique Sacr\\u00e9e \\u00e0 la Cath\\u00e9drale d'Aix-en-Provence\"},\"image\":{\"@id\":\"https:\/\/musique-sacree-aix.fr\/#logo\"}},{\"@type\":\"WebSite\",\"@id\":\"https:\/\/musique-sacree-aix.fr\/#website\",\"url\":\"https:\/\/musique-sacree-aix.fr\/\",\"name\":\"Musique Sacr\\u00e9e Aix\",\"description\":\"\\u00e0 la Cath\\u00e9drale dAix-en-Provence\",\"publisher\":{\"@id\":\"https:\/\/musique-sacree-aix.fr\/#organization\"},\"potentialAction\":[{\"@type\":\"SearchAction\",\"target\":{\"@type\":\"EntryPoint\",\"urlTemplate\":\"https:\/\/musique-sacree-aix.fr\/?s={search_term_string}\"},\"query-input\":\"required name=search_term_string\"}],\"inLanguage\":\"fr-FR\"},{\"@type\":\"ImageObject\",\"@id\":\"https:\/\/musique-sacree-aix.fr\/#primaryimage\",\"inLanguage\":\"fr-FR\",\"url\":\"https:\/\/musique-sacree-aix.fr\/wp-content\/uploads\/2020\/12\/IMG_99992-scaled.jpg\",\"contentUrl\":\"https:\/\/musique-sacree-aix.fr\/wp-content\/uploads\/2020\/12\/IMG_99992-scaled.jpg\",\"width\":2560,\"height\":1707,\"caption\":\"Musique Sacr\\u00e9e Aix\"},{\"@type\":\"WebPage\",\"@id\":\"https:\/\/musique-sacree-aix.fr\/#webpage\",\"url\":\"https:\/\/musique-sacree-aix.fr\/\",\"name\":\"Musique Sacr\\u00e9e Aix Cath\\u00e9drale Aix-en-Provence MSCA\",\"isPartOf\":{\"@id\":\"https:\/\/musique-sacree-aix.fr\/#website\"},\"primaryImageOfPage\":{\"@id\":\"https:\/\/musique-sacree-aix.fr\/#primaryimage\"},\"datePublished\":\"2020-09-20T17:05:02+00:00\",\"dateModified\":\"2021-06-25T12:57:17+00:00\",\"description\":\"Retrouvez toutes les activit\\u00e9s musicales et culturelles au sein de la Cath\\u00e9drale Saint-Sauveur d'Aix-en-Provence concerts musique sacr\\u00e9e\",\"breadcrumb\":{\"@id\":\"https:\/\/musique-sacree-aix.fr\/#breadcrumb\"},\"inLanguage\":\"fr-FR\",\"potentialAction\":[{\"@type\":\"ReadAction\",\"target\":[\"https:\/\/musique-sacree-aix.fr\/\"]}]},{\"@type\":\"BreadcrumbList\",\"@id\":\"https:\/\/musique-sacree-aix.fr\/#breadcrumb\",\"itemListElement\":[{\"@type\":\"ListItem\",\"position\":1,\"name\":\"Accueil\",\"item\":\"https:\/\/musique-sacree-aix.fr\/\"},{\"@type\":\"ListItem\",\"position\":2,\"name\":\"Musique Sacr\\u00e9e Aix\"}]}]}<\/script>\n<!-- \/ Yoast SEO plugin. -->","yoast_head_json":{"title":"Musique Sacr\u00e9e Aix Cath\u00e9drale Aix-en-Provence MSCA","description":"Retrouvez toutes les activit\u00e9s musicales et culturelles au sein de la Cath\u00e9drale Saint-Sauveur d'Aix-en-Provence concerts musique sacr\u00e9e","robots":{"index":"index","follow":"follow","max-snippet":"max-snippet:-1","max-image-preview":"max-image-preview:large","max-video-preview":"max-video-preview:-1"},"canonical":"https:\/\/musique-sacree-aix.fr\/","og_locale":"fr_FR","og_type":"article","og_title":"Musique Sacr\u00e9e Aix Cath\u00e9drale Aix-en-Provence MSCA","og_description":"Retrouvez toutes les activit\u00e9s musicales et culturelles au sein de la Cath\u00e9drale Saint-Sauveur d'Aix-en-Provence concerts musique sacr\u00e9e","og_url":"https:\/\/musique-sacree-aix.fr\/","og_site_name":"Musique Sacr\u00e9e","article_publisher":"https:\/\/www.facebook.com\/musiquesacree.cathedraleaix\/","article_modified_time":"2021-06-25T12:57:17+00:00","og_image":[{"width":2560,"height":1707,"url":"https:\/\/musique-sacree-aix.fr\/wp-content\/uploads\/2020\/12\/IMG_99992-scaled.jpg","type":"image\/jpeg"}],"twitter_card":"summary_large_image","twitter_misc":{"Dur\u00e9e de lecture estim\u00e9e":"2 minutes"},"schema":{"@context":"https:\/\/schema.org","@graph":[{"@type":"Organization","@id":"https:\/\/musique-sacree-aix.fr\/#organization","name":"Musique Sacr\u00e9e \u00e0 la Cath\u00e9drale d'Aix-en-Provence","url":"https:\/\/musique-sacree-aix.fr\/","sameAs":["https:\/\/www.facebook.com\/musiquesacree.cathedraleaix\/","https:\/\/www.youtube.com\/channel\/UC6PTCinXrlV6yM0dU4YTBww"],"logo":{"@type":"ImageObject","@id":"https:\/\/musique-sacree-aix.fr\/#logo","inLanguage":"fr-FR","url":"https:\/\/musique-sacree-aix.fr\/wp-content\/uploads\/2020\/09\/HD-Logo-MSCA-couleur.png","contentUrl":"https:\/\/musique-sacree-aix.fr\/wp-content\/uploads\/2020\/09\/HD-Logo-MSCA-couleur.png","width":2362,"height":2362,"caption":"Musique Sacr\u00e9e \u00e0 la Cath\u00e9drale d'Aix-en-Provence"},"image":{"@id":"https:\/\/musique-sacree-aix.fr\/#logo"}},{"@type":"WebSite","@id":"https:\/\/musique-sacree-aix.fr\/#website","url":"https:\/\/musique-sacree-aix.fr\/","name":"Musique Sacr\u00e9e Aix","description":"\u00e0 la Cath\u00e9drale dAix-en-Provence","publisher":{"@id":"https:\/\/musique-sacree-aix.fr\/#organization"},"potentialAction":[{"@type":"SearchAction","target":{"@type":"EntryPoint","urlTemplate":"https:\/\/musique-sacree-aix.fr\/?s={search_term_string}"},"query-input":"required name=search_term_string"}],"inLanguage":"fr-FR"},{"@type":"ImageObject","@id":"https:\/\/musique-sacree-aix.fr\/#primaryimage","inLanguage":"fr-FR","url":"https:\/\/musique-sacree-aix.fr\/wp-content\/uploads\/2020\/12\/IMG_99992-scaled.jpg","contentUrl":"https:\/\/musique-sacree-aix.fr\/wp-content\/uploads\/2020\/12\/IMG_99992-scaled.jpg","width":2560,"height":1707,"caption":"Musique Sacr\u00e9e Aix"},{"@type":"WebPage","@id":"https:\/\/musique-sacree-aix.fr\/#webpage","url":"https:\/\/musique-sacree-aix.fr\/","name":"Musique Sacr\u00e9e Aix Cath\u00e9drale Aix-en-Provence MSCA","isPartOf":{"@id":"https:\/\/musique-sacree-aix.fr\/#website"},"primaryImageOfPage":{"@id":"https:\/\/musique-sacree-aix.fr\/#primaryimage"},"datePublished":"2020-09-20T17:05:02+00:00","dateModified":"2021-06-25T12:57:17+00:00","description":"Retrouvez toutes les activit\u00e9s musicales et culturelles au sein de la Cath\u00e9drale Saint-Sauveur d'Aix-en-Provence concerts musique sacr\u00e9e","breadcrumb":{"@id":"https:\/\/musique-sacree-aix.fr\/#breadcrumb"},"inLanguage":"fr-FR","potentialAction":[{"@type":"ReadAction","target":["https:\/\/musique-sacree-aix.fr\/"]}]},{"@type":"BreadcrumbList","@id":"https:\/\/musique-sacree-aix.fr\/#breadcrumb","itemListElement":[{"@type":"ListItem","position":1,"name":"Accueil","item":"https:\/\/musique-sacree-aix.fr\/"},{"@type":"ListItem","position":2,"name":"Musique Sacr\u00e9e Aix"}]}]}},"jetpack_sharing_enabled":true,"_links":{"self":[{"href":"https:\/\/musique-sacree-aix.fr\/index.php\/wp-json\/wp\/v2\/pages\/5"}],"collection":[{"href":"https:\/\/musique-sacree-aix.fr\/index.php\/wp-json\/wp\/v2\/pages"}],"about":[{"href":"https:\/\/musique-sacree-aix.fr\/index.php\/wp-json\/wp\/v2\/types\/page"}],"author":[{"embeddable":true,"href":"https:\/\/musique-sacree-aix.fr\/index.php\/wp-json\/wp\/v2\/users\/1"}],"replies":[{"embeddable":true,"href":"https:\/\/musique-sacree-aix.fr\/index.php\/wp-json\/wp\/v2\/comments?post=5"}],"version-history":[{"count":24,"href":"https:\/\/musique-sacree-aix.fr\/index.php\/wp-json\/wp\/v2\/pages\/5\/revisions"}],"predecessor-version":[{"id":453,"href":"https:\/\/musique-sacree-aix.fr\/index.php\/wp-json\/wp\/v2\/pages\/5\/revisions\/453"}],"wp:featuredmedia":[{"embeddable":true,"href":"https:\/\/musique-sacree-aix.fr\/index.php\/wp-json\/wp\/v2\/media\/117"}],"wp:attachment":[{"href":"https:\/\/musique-sacree-aix.fr\/index.php\/wp-json\/wp\/v2\/media?parent=5"}],"curies":[{"name":"wp","href":"https:\/\/api.w.org\/{rel}","templated":true}]}}