{"id":455,"date":"2021-06-25T15:29:39","date_gmt":"2021-06-25T13:29:39","guid":{"rendered":"https:\/\/musique-sacree-aix.fr\/?page_id=455"},"modified":"2021-06-25T16:18:40","modified_gmt":"2021-06-25T14:18:40","slug":"contact","status":"publish","type":"page","link":"https:\/\/musique-sacree-aix.fr\/index.php\/contact\/","title":{"rendered":"Contact"},"content":{"rendered":"\n<h2><strong>Contact<\/strong><\/h2>\n\n\n\n<p class=\"has-white-color has-text-color\"><strong>Musique Sacr\u00e9e \u00e0 la Cath\u00e9drale d&rsquo;Aix-en-Prove<\/strong>nce<br>34, place des martyrs de la r\u00e9sistance<br>13100 Aix-en-Provence<\/p>\n\n\n\n<p><a href=\"mailto:musiquesacreecathaix@gmail.com\">musiquesacreecathaix@gmail.com<\/a><\/p>\n\n\n\n<div style=\"height:23px\" aria-hidden=\"true\" class=\"wp-block-spacer\"><\/div>\n\n\n\n<ul class=\"wp-block-social-links\"><li class=\"wp-social-link wp-social-link-facebook wp-block-social-link\"><a href=\"https:\/\/www.facebook.com\/musiquesacree.cathedraleaix\/\" aria-label=\"Facebook\"  class=\"wp-block-social-link-anchor\"> <svg width=\"24\" height=\"24\" viewBox=\"0 0 24 24\" version=\"1.1\" xmlns=\"http:\/\/www.w3.org\/2000\/svg\" role=\"img\" aria-hidden=\"true\" focusable=\"false\"><path d=\"M12 2C6.5 2 2 6.5 2 12c0 5 3.7 9.1 8.4 9.9v-7H7.9V12h2.5V9.8c0-2.5 1.5-3.9 3.8-3.9 1.1 0 2.2.2 2.2.2v2.5h-1.3c-1.2 0-1.6.8-1.6 1.6V12h2.8l-.4 2.9h-2.3v7C18.3 21.1 22 17 22 12c0-5.5-4.5-10-10-10z\"><\/path><\/svg><\/a><\/li>\n\n<li class=\"wp-social-link wp-social-link-youtube wp-block-social-link\"><a href=\"https:\/\/www.youtube.com\/channel\/UC6PTCinXrlV6yM0dU4YTBww\" aria-label=\"YouTube\"  class=\"wp-block-social-link-anchor\"> <svg width=\"24\" height=\"24\" viewBox=\"0 0 24 24\" version=\"1.1\" xmlns=\"http:\/\/www.w3.org\/2000\/svg\" role=\"img\" aria-hidden=\"true\" focusable=\"false\"><path d=\"M21.8,8.001c0,0-0.195-1.378-0.795-1.985c-0.76-0.797-1.613-0.801-2.004-0.847c-2.799-0.202-6.997-0.202-6.997-0.202 h-0.009c0,0-4.198,0-6.997,0.202C4.608,5.216,3.756,5.22,2.995,6.016C2.395,6.623,2.2,8.001,2.2,8.001S2,9.62,2,11.238v1.517 c0,1.618,0.2,3.237,0.2,3.237s0.195,1.378,0.795,1.985c0.761,0.797,1.76,0.771,2.205,0.855c1.6,0.153,6.8,0.201,6.8,0.201 s4.203-0.006,7.001-0.209c0.391-0.047,1.243-0.051,2.004-0.847c0.6-0.607,0.795-1.985,0.795-1.985s0.2-1.618,0.2-3.237v-1.517 C22,9.62,21.8,8.001,21.8,8.001z M9.935,14.594l-0.001-5.62l5.404,2.82L9.935,14.594z\"><\/path><\/svg><\/a><\/li><\/ul>\n\n\n\n<div style=\"height:100px\" aria-hidden=\"true\" class=\"wp-block-spacer\"><\/div>\n\n\n\n<h3><strong>Nos partenaires<\/strong><\/h3>\n\n\n\n<div class=\"wp-block-columns\">\n<div class=\"wp-block-column\">\n<p>La paroisse cath\u00e9drale Saint-Sauveur<\/p>\n\n\n\n<p>Le Dioc\u00e8se d&rsquo;Aix-en-Provence<\/p>\n\n\n\n<p>Le conservatoire \u00e0 rayonnement r\u00e9gional d&rsquo;Aix-en-Provence<\/p>\n\n\n\n<p>Editions Hortus<\/p>\n\n\n\n<p>Gr\u00e9goire ROLLAND<\/p>\n<\/div>\n\n\n\n<div class=\"wp-block-column\">\n<p><a href=\"https:\/\/paroisses-aixarles.fr\/aix-saintsauveur\/\">https:\/\/paroisses-aixarles.fr\/aix-saintsauveur\/<\/a><\/p>\n\n\n\n<p><a href=\"https:\/\/www.catho-aixarles.fr\/\">https:\/\/www.catho-aixarles.fr\/<\/a><\/p>\n\n\n\n<p><a href=\"https:\/\/www.aixenprovence.fr\/Conservatoire\">https:\/\/www.aixenprovence.fr\/Conservatoire<\/a><br><br><\/p>\n\n\n\n<p><a href=\"https:\/\/www.editionshortus.com\/\">https:\/\/www.editionshortus.com\/<\/a><\/p>\n\n\n\n<p><a href=\"https:\/\/www.gregoire-rolland.com\/\">https:\/\/www.gregoire-rolland.com\/<\/a><\/p>\n<\/div>\n<\/div>\n\n\n\n<p><\/p>\n","protected":false},"excerpt":{"rendered":"<p>Contact Musique Sacr\u00e9e \u00e0 la Cath\u00e9drale d&rsquo;Aix-en-Provence34, place des martyrs de la r\u00e9sistance13100 Aix-en-Provence musiquesacreecathaix@gmail.com Nos partenaires La paroisse cath\u00e9drale Saint-Sauveur Le Dioc\u00e8se d&rsquo;Aix-en-Provence Le conservatoire \u00e0 rayonnement r\u00e9gional d&rsquo;Aix-en-Provence Editions Hortus Gr\u00e9goire ROLLAND https:\/\/paroisses-aixarles.fr\/aix-saintsauveur\/ https:\/\/www.catho-aixarles.fr\/ https:\/\/www.aixenprovence.fr\/Conservatoire https:\/\/www.editionshortus.com\/ https:\/\/www.gregoire-rolland.com\/<\/p>\n","protected":false},"author":1,"featured_media":454,"parent":0,"menu_order":0,"comment_status":"closed","ping_status":"closed","template":"","meta":{"spay_email":""},"yoast_head":"<!-- This site is optimized with the Yoast SEO plugin v17.9 - https:\/\/yoast.com\/wordpress\/plugins\/seo\/ -->\n<title>Contact - Musique Sacr\u00e9e<\/title>\n<meta name=\"robots\" content=\"index, follow, max-snippet:-1, max-image-preview:large, max-video-preview:-1\" \/>\n<link rel=\"canonical\" href=\"https:\/\/musique-sacree-aix.fr\/index.php\/contact\/\" \/>\n<meta property=\"og:locale\" content=\"fr_FR\" \/>\n<meta property=\"og:type\" content=\"article\" \/>\n<meta property=\"og:title\" content=\"Contact - Musique Sacr\u00e9e\" \/>\n<meta property=\"og:description\" content=\"Contact Musique Sacr\u00e9e \u00e0 la Cath\u00e9drale d&rsquo;Aix-en-Provence34, place des martyrs de la r\u00e9sistance13100 Aix-en-Provence musiquesacreecathaix@gmail.com Nos partenaires La paroisse cath\u00e9drale Saint-Sauveur Le Dioc\u00e8se d&rsquo;Aix-en-Provence Le conservatoire \u00e0 rayonnement r\u00e9gional d&rsquo;Aix-en-Provence Editions Hortus Gr\u00e9goire ROLLAND https:\/\/paroisses-aixarles.fr\/aix-saintsauveur\/ https:\/\/www.catho-aixarles.fr\/ https:\/\/www.aixenprovence.fr\/Conservatoire https:\/\/www.editionshortus.com\/ https:\/\/www.gregoire-rolland.com\/\" \/>\n<meta property=\"og:url\" content=\"https:\/\/musique-sacree-aix.fr\/index.php\/contact\/\" \/>\n<meta property=\"og:site_name\" content=\"Musique Sacr\u00e9e\" \/>\n<meta property=\"article:publisher\" content=\"https:\/\/www.facebook.com\/musiquesacree.cathedraleaix\/\" \/>\n<meta property=\"article:modified_time\" content=\"2021-06-25T14:18:40+00:00\" \/>\n<meta property=\"og:image\" content=\"https:\/\/musique-sacree-aix.fr\/wp-content\/uploads\/2021\/06\/notepad-3316997_1920.jpg\" \/>\n\t<meta property=\"og:image:width\" content=\"1920\" \/>\n\t<meta property=\"og:image:height\" content=\"1357\" \/>\n\t<meta property=\"og:image:type\" content=\"image\/jpeg\" \/>\n<meta name=\"twitter:card\" content=\"summary_large_image\" \/>\n<meta name=\"twitter:label1\" content=\"Dur\u00e9e de lecture estim\u00e9e\" \/>\n\t<meta name=\"twitter:data1\" content=\"1 minute\" \/>\n<script type=\"application\/ld+json\" class=\"yoast-schema-graph\">{\"@context\":\"https:\/\/schema.org\",\"@graph\":[{\"@type\":\"Organization\",\"@id\":\"https:\/\/musique-sacree-aix.fr\/#organization\",\"name\":\"Musique Sacr\\u00e9e \\u00e0 la Cath\\u00e9drale d'Aix-en-Provence\",\"url\":\"https:\/\/musique-sacree-aix.fr\/\",\"sameAs\":[\"https:\/\/www.facebook.com\/musiquesacree.cathedraleaix\/\",\"https:\/\/www.youtube.com\/channel\/UC6PTCinXrlV6yM0dU4YTBww\"],\"logo\":{\"@type\":\"ImageObject\",\"@id\":\"https:\/\/musique-sacree-aix.fr\/#logo\",\"inLanguage\":\"fr-FR\",\"url\":\"https:\/\/musique-sacree-aix.fr\/wp-content\/uploads\/2020\/09\/HD-Logo-MSCA-couleur.png\",\"contentUrl\":\"https:\/\/musique-sacree-aix.fr\/wp-content\/uploads\/2020\/09\/HD-Logo-MSCA-couleur.png\",\"width\":2362,\"height\":2362,\"caption\":\"Musique Sacr\\u00e9e \\u00e0 la Cath\\u00e9drale d'Aix-en-Provence\"},\"image\":{\"@id\":\"https:\/\/musique-sacree-aix.fr\/#logo\"}},{\"@type\":\"WebSite\",\"@id\":\"https:\/\/musique-sacree-aix.fr\/#website\",\"url\":\"https:\/\/musique-sacree-aix.fr\/\",\"name\":\"Musique Sacr\\u00e9e Aix\",\"description\":\"\\u00e0 la Cath\\u00e9drale dAix-en-Provence\",\"publisher\":{\"@id\":\"https:\/\/musique-sacree-aix.fr\/#organization\"},\"potentialAction\":[{\"@type\":\"SearchAction\",\"target\":{\"@type\":\"EntryPoint\",\"urlTemplate\":\"https:\/\/musique-sacree-aix.fr\/?s={search_term_string}\"},\"query-input\":\"required name=search_term_string\"}],\"inLanguage\":\"fr-FR\"},{\"@type\":\"ImageObject\",\"@id\":\"https:\/\/musique-sacree-aix.fr\/index.php\/contact\/#primaryimage\",\"inLanguage\":\"fr-FR\",\"url\":\"https:\/\/musique-sacree-aix.fr\/wp-content\/uploads\/2021\/06\/notepad-3316997_1920.jpg\",\"contentUrl\":\"https:\/\/musique-sacree-aix.fr\/wp-content\/uploads\/2021\/06\/notepad-3316997_1920.jpg\",\"width\":1920,\"height\":1357},{\"@type\":\"WebPage\",\"@id\":\"https:\/\/musique-sacree-aix.fr\/index.php\/contact\/#webpage\",\"url\":\"https:\/\/musique-sacree-aix.fr\/index.php\/contact\/\",\"name\":\"Contact - Musique Sacr\\u00e9e\",\"isPartOf\":{\"@id\":\"https:\/\/musique-sacree-aix.fr\/#website\"},\"primaryImageOfPage\":{\"@id\":\"https:\/\/musique-sacree-aix.fr\/index.php\/contact\/#primaryimage\"},\"datePublished\":\"2021-06-25T13:29:39+00:00\",\"dateModified\":\"2021-06-25T14:18:40+00:00\",\"breadcrumb\":{\"@id\":\"https:\/\/musique-sacree-aix.fr\/index.php\/contact\/#breadcrumb\"},\"inLanguage\":\"fr-FR\",\"potentialAction\":[{\"@type\":\"ReadAction\",\"target\":[\"https:\/\/musique-sacree-aix.fr\/index.php\/contact\/\"]}]},{\"@type\":\"BreadcrumbList\",\"@id\":\"https:\/\/musique-sacree-aix.fr\/index.php\/contact\/#breadcrumb\",\"itemListElement\":[{\"@type\":\"ListItem\",\"position\":1,\"name\":\"Accueil\",\"item\":\"https:\/\/musique-sacree-aix.fr\/\"},{\"@type\":\"ListItem\",\"position\":2,\"name\":\"Contact\"}]}]}<\/script>\n<!-- \/ Yoast SEO plugin. -->","yoast_head_json":{"title":"Contact - Musique Sacr\u00e9e","robots":{"index":"index","follow":"follow","max-snippet":"max-snippet:-1","max-image-preview":"max-image-preview:large","max-video-preview":"max-video-preview:-1"},"canonical":"https:\/\/musique-sacree-aix.fr\/index.php\/contact\/","og_locale":"fr_FR","og_type":"article","og_title":"Contact - Musique Sacr\u00e9e","og_description":"Contact Musique Sacr\u00e9e \u00e0 la Cath\u00e9drale d&rsquo;Aix-en-Provence34, place des martyrs de la r\u00e9sistance13100 Aix-en-Provence musiquesacreecathaix@gmail.com Nos partenaires La paroisse cath\u00e9drale Saint-Sauveur Le Dioc\u00e8se d&rsquo;Aix-en-Provence Le conservatoire \u00e0 rayonnement r\u00e9gional d&rsquo;Aix-en-Provence Editions Hortus Gr\u00e9goire ROLLAND https:\/\/paroisses-aixarles.fr\/aix-saintsauveur\/ https:\/\/www.catho-aixarles.fr\/ https:\/\/www.aixenprovence.fr\/Conservatoire https:\/\/www.editionshortus.com\/ https:\/\/www.gregoire-rolland.com\/","og_url":"https:\/\/musique-sacree-aix.fr\/index.php\/contact\/","og_site_name":"Musique Sacr\u00e9e","article_publisher":"https:\/\/www.facebook.com\/musiquesacree.cathedraleaix\/","article_modified_time":"2021-06-25T14:18:40+00:00","og_image":[{"width":1920,"height":1357,"url":"https:\/\/musique-sacree-aix.fr\/wp-content\/uploads\/2021\/06\/notepad-3316997_1920.jpg","type":"image\/jpeg"}],"twitter_card":"summary_large_image","twitter_misc":{"Dur\u00e9e de lecture estim\u00e9e":"1 minute"},"schema":{"@context":"https:\/\/schema.org","@graph":[{"@type":"Organization","@id":"https:\/\/musique-sacree-aix.fr\/#organization","name":"Musique Sacr\u00e9e \u00e0 la Cath\u00e9drale d'Aix-en-Provence","url":"https:\/\/musique-sacree-aix.fr\/","sameAs":["https:\/\/www.facebook.com\/musiquesacree.cathedraleaix\/","https:\/\/www.youtube.com\/channel\/UC6PTCinXrlV6yM0dU4YTBww"],"logo":{"@type":"ImageObject","@id":"https:\/\/musique-sacree-aix.fr\/#logo","inLanguage":"fr-FR","url":"https:\/\/musique-sacree-aix.fr\/wp-content\/uploads\/2020\/09\/HD-Logo-MSCA-couleur.png","contentUrl":"https:\/\/musique-sacree-aix.fr\/wp-content\/uploads\/2020\/09\/HD-Logo-MSCA-couleur.png","width":2362,"height":2362,"caption":"Musique Sacr\u00e9e \u00e0 la Cath\u00e9drale d'Aix-en-Provence"},"image":{"@id":"https:\/\/musique-sacree-aix.fr\/#logo"}},{"@type":"WebSite","@id":"https:\/\/musique-sacree-aix.fr\/#website","url":"https:\/\/musique-sacree-aix.fr\/","name":"Musique Sacr\u00e9e Aix","description":"\u00e0 la Cath\u00e9drale dAix-en-Provence","publisher":{"@id":"https:\/\/musique-sacree-aix.fr\/#organization"},"potentialAction":[{"@type":"SearchAction","target":{"@type":"EntryPoint","urlTemplate":"https:\/\/musique-sacree-aix.fr\/?s={search_term_string}"},"query-input":"required name=search_term_string"}],"inLanguage":"fr-FR"},{"@type":"ImageObject","@id":"https:\/\/musique-sacree-aix.fr\/index.php\/contact\/#primaryimage","inLanguage":"fr-FR","url":"https:\/\/musique-sacree-aix.fr\/wp-content\/uploads\/2021\/06\/notepad-3316997_1920.jpg","contentUrl":"https:\/\/musique-sacree-aix.fr\/wp-content\/uploads\/2021\/06\/notepad-3316997_1920.jpg","width":1920,"height":1357},{"@type":"WebPage","@id":"https:\/\/musique-sacree-aix.fr\/index.php\/contact\/#webpage","url":"https:\/\/musique-sacree-aix.fr\/index.php\/contact\/","name":"Contact - Musique Sacr\u00e9e","isPartOf":{"@id":"https:\/\/musique-sacree-aix.fr\/#website"},"primaryImageOfPage":{"@id":"https:\/\/musique-sacree-aix.fr\/index.php\/contact\/#primaryimage"},"datePublished":"2021-06-25T13:29:39+00:00","dateModified":"2021-06-25T14:18:40+00:00","breadcrumb":{"@id":"https:\/\/musique-sacree-aix.fr\/index.php\/contact\/#breadcrumb"},"inLanguage":"fr-FR","potentialAction":[{"@type":"ReadAction","target":["https:\/\/musique-sacree-aix.fr\/index.php\/contact\/"]}]},{"@type":"BreadcrumbList","@id":"https:\/\/musique-sacree-aix.fr\/index.php\/contact\/#breadcrumb","itemListElement":[{"@type":"ListItem","position":1,"name":"Accueil","item":"https:\/\/musique-sacree-aix.fr\/"},{"@type":"ListItem","position":2,"name":"Contact"}]}]}},"jetpack_sharing_enabled":true,"_links":{"self":[{"href":"https:\/\/musique-sacree-aix.fr\/index.php\/wp-json\/wp\/v2\/pages\/455"}],"collection":[{"href":"https:\/\/musique-sacree-aix.fr\/index.php\/wp-json\/wp\/v2\/pages"}],"about":[{"href":"https:\/\/musique-sacree-aix.fr\/index.php\/wp-json\/wp\/v2\/types\/page"}],"author":[{"embeddable":true,"href":"https:\/\/musique-sacree-aix.fr\/index.php\/wp-json\/wp\/v2\/users\/1"}],"replies":[{"embeddable":true,"href":"https:\/\/musique-sacree-aix.fr\/index.php\/wp-json\/wp\/v2\/comments?post=455"}],"version-history":[{"count":15,"href":"https:\/\/musique-sacree-aix.fr\/index.php\/wp-json\/wp\/v2\/pages\/455\/revisions"}],"predecessor-version":[{"id":479,"href":"https:\/\/musique-sacree-aix.fr\/index.php\/wp-json\/wp\/v2\/pages\/455\/revisions\/479"}],"wp:featuredmedia":[{"embeddable":true,"href":"https:\/\/musique-sacree-aix.fr\/index.php\/wp-json\/wp\/v2\/media\/454"}],"wp:attachment":[{"href":"https:\/\/musique-sacree-aix.fr\/index.php\/wp-json\/wp\/v2\/media?parent=455"}],"curies":[{"name":"wp","href":"https:\/\/api.w.org\/{rel}","templated":true}]}}