{"id":287,"date":"2021-01-27T12:26:39","date_gmt":"2021-01-27T11:26:39","guid":{"rendered":"http:\/\/musique-sacree-aix.fr\/?page_id=287"},"modified":"2022-09-11T13:28:16","modified_gmt":"2022-09-11T11:28:16","slug":"organiste-titulaire-gregoire-rolland","status":"publish","type":"page","link":"https:\/\/musique-sacree-aix.fr\/index.php\/organiste-titulaire-gregoire-rolland\/","title":{"rendered":"L&rsquo;organiste titulaire"},"content":{"rendered":"\n<div class=\"wp-block-media-text alignwide is-stacked-on-mobile\"><figure class=\"wp-block-media-text__media\"><img loading=\"lazy\" width=\"2560\" height=\"1615\" src=\"https:\/\/musique-sacree-aix.fr\/wp-content\/uploads\/2021\/06\/Gre\u0301goire-Rolland-21-scaled.jpg\" alt=\"\" class=\"wp-image-307 size-full\" srcset=\"https:\/\/musique-sacree-aix.fr\/wp-content\/uploads\/2021\/06\/Gre\u0301goire-Rolland-21-scaled.jpg 2560w, https:\/\/musique-sacree-aix.fr\/wp-content\/uploads\/2021\/06\/Gre\u0301goire-Rolland-21-300x189.jpg 300w, https:\/\/musique-sacree-aix.fr\/wp-content\/uploads\/2021\/06\/Gre\u0301goire-Rolland-21-1024x646.jpg 1024w, https:\/\/musique-sacree-aix.fr\/wp-content\/uploads\/2021\/06\/Gre\u0301goire-Rolland-21-768x484.jpg 768w, https:\/\/musique-sacree-aix.fr\/wp-content\/uploads\/2021\/06\/Gre\u0301goire-Rolland-21-1536x969.jpg 1536w, https:\/\/musique-sacree-aix.fr\/wp-content\/uploads\/2021\/06\/Gre\u0301goire-Rolland-21-2048x1292.jpg 2048w\" sizes=\"(max-width: 2560px) 100vw, 2560px\" \/><\/figure><div class=\"wp-block-media-text__content\">\n<p class=\"has-large-font-size\">Gr\u00e9goire ROLLAND<\/p>\n<\/div><\/div>\n\n\n\n<p class=\"has-drop-cap has-text-align-justify\">Compositeur et organiste, Gr\u00e9goire Rolland a obtenu un Master d\u2019\u00e9criture (harmonie, contrepoint, fugue), un prix d\u2019analyse, un Master d\u2019orgue et un prix d\u2019orchestration au Conservatoire National Sup\u00e9rieur de Musique de Paris. Il est par ailleurs titulaire d\u2019un Master de composition de la Haute \u00c9cole de Musique de Gen\u00e8ve et d\u2019une licence de musique et musicologie de la Sorbonne. Lors de ses \u00e9tudes sup\u00e9rieures, il a eu l&rsquo;opportunit\u00e9 de travailler avec Olivier Latry, Michel Bouvard (orgue), Fabien Waksman (harmonie), Pierre Pincemaille (contrepoint), Thierry Escaich (fugue et formes, improvisation), Philippe Lefebvre (improvisation), Michael L\u00e9vinas (analyse), Marc-Andr\u00e9 Dalbavie, Denis Cohen (orchestration), ou encore Pascal Dusapin et Micha\u00ebl Jarrell (composition).<br><br>Composant aussi bien pour instruments solistes que pour orchestre, il s\u2019inspire essentiellement de deux \u00e9l\u00e9ments: le gr\u00e9gorien et l\u2019apport de la culture asiatique qui le passionne. Il travaille aussi sur la relation entre la musique et les autres arts, m\u00ealant expressivit\u00e9 et techniques d\u2019\u00e9laboration (relation \u00e0 la rh\u00e9torique, \u00e0 l\u2019\u00e9criture, \u00e0 la peinture ou \u00e0 la photographie). Il d\u00e9veloppe depuis plusieurs ann\u00e9es une technique de composition qui associe la temporalit\u00e9 de l&rsquo;\u00e9criture des id\u00e9ogrammes asiatiques et le d\u00e9ploiement de formes musicales inh\u00e9rentes. il re\u00e7oit plusieurs prix de composition aux concours de composition de Saint-Bertrand de Comminges, d&rsquo;Evreux, de la Fondation De Lacour, de l&rsquo;orchestre de Caen. De nombreuses institutions lui passent commande telles que Musique Sacr\u00e9e \u00e0 Notre-Dame de Paris, la Fondation de Lacour, le Ch\u0153ur et l\u2019Orchestre de la Cit\u00e9 Internationale Universitaire de Paris, le festival Les Tr\u00e8s riches heures de l\u2019orgue en Berry, Toulouse les Orgues, Radio France, l\u2019Abbaye de Sylvan\u00e8s ou le festival La B\u00e2tie de Gen\u00e8ve. Ses \u0153uvres ont \u00e9t\u00e9 jou\u00e9es par de nombreux artistes de renom tels que Pierre Bleuse, Philippe Brocard, Alphonse Cemin, Jean Deroyer, le Quatuor Girard, Wolgang Kogert, Olivier Latry, David Molard, Thierry Maeder, Marie-Ange Nguci, Thomas Ospital, Maxime Pascal, Tobias Willi, &#8230;<br><br>Applaudi en r\u00e9cital sur de nombreuses sc\u00e8nes aussi bien \u00e0 l\u2019\u00e9tranger qu\u2019en France, il est laur\u00e9at 2016 de la Fondation Banque Populaire. Nomm\u00e9 en mars 2018 organiste titulaire de la Cath\u00e9drale d\u2019Aix, il est \u00e9galement professeur de composition, orchestration et \u00e9criture au CRR d\u2019Avignon.<br><br>En 2020, il remporte le 1er prix du concours de composition de la cath\u00e9drale de Vienne (Autriche), et r\u00e9alise son premier enregistrement discographique en tant que compositeur et organiste. En 2021, l&rsquo;ensemble vocal Dulci Jubilo (dir. Christopher Gibert) enregistrera une monographie autour de ses \u0153uvres vocales, aux c\u00f4t\u00e9s de Thomas Ospital \u00e0 l&rsquo;orgue.<\/p>\n\n\n\n<p>Suivez toutes les actualit\u00e9s de Gr\u00e9goire ROLLAND en cliquant <a href=\"https:\/\/www.gregoire-rolland.com\/\" target=\"_blank\" rel=\"noreferrer noopener\">ICI<\/a><\/p>\n\n\n\n<p>Plus d&rsquo;information sur l&rsquo;orgue, cliquez <a href=\"https:\/\/musique-sacree-aix.fr\/index.php\/lorgue\/\" target=\"_blank\" rel=\"noreferrer noopener\">ICI<\/a><\/p>\n","protected":false},"excerpt":{"rendered":"<p>Gr\u00e9goire ROLLAND Compositeur et organiste, Gr\u00e9goire Rolland a obtenu un Master d\u2019\u00e9criture (harmonie, contrepoint, fugue), un prix d\u2019analyse, un Master d\u2019orgue et un prix d\u2019orchestration au Conservatoire National Sup\u00e9rieur de Musique de Paris. Il est par ailleurs titulaire d\u2019un Master de composition de la Haute \u00c9cole de Musique de Gen\u00e8ve et d\u2019une licence de musique &hellip; <\/p>\n","protected":false},"author":1,"featured_media":312,"parent":0,"menu_order":0,"comment_status":"closed","ping_status":"closed","template":"","meta":{"spay_email":""},"yoast_head":"<!-- This site is optimized with the Yoast SEO plugin v17.9 - https:\/\/yoast.com\/wordpress\/plugins\/seo\/ -->\n<title>Gr\u00e9goire ROLLAND - Musique Sacr\u00e9e<\/title>\n<meta name=\"description\" content=\"Gr\u00e9goire ROLLAND, organiste et compositeur est le directeur artistique de l&#039;association Musique Sacr\u00e9e \u00e0 la Cath\u00e9drale d&#039;Aix-en-Provence.\" \/>\n<meta name=\"robots\" content=\"index, follow, max-snippet:-1, max-image-preview:large, max-video-preview:-1\" \/>\n<link rel=\"canonical\" href=\"https:\/\/musique-sacree-aix.fr\/index.php\/organiste-titulaire-gregoire-rolland\/\" \/>\n<meta property=\"og:locale\" content=\"fr_FR\" \/>\n<meta property=\"og:type\" content=\"article\" \/>\n<meta property=\"og:title\" content=\"Gr\u00e9goire ROLLAND - Musique Sacr\u00e9e\" \/>\n<meta property=\"og:description\" content=\"Gr\u00e9goire ROLLAND, organiste et compositeur est le directeur artistique de l&#039;association Musique Sacr\u00e9e \u00e0 la Cath\u00e9drale d&#039;Aix-en-Provence.\" \/>\n<meta property=\"og:url\" content=\"https:\/\/musique-sacree-aix.fr\/index.php\/organiste-titulaire-gregoire-rolland\/\" \/>\n<meta property=\"og:site_name\" content=\"Musique Sacr\u00e9e\" \/>\n<meta property=\"article:publisher\" content=\"https:\/\/www.facebook.com\/musiquesacree.cathedraleaix\/\" \/>\n<meta property=\"article:modified_time\" content=\"2022-09-11T11:28:16+00:00\" \/>\n<meta property=\"og:image\" content=\"https:\/\/musique-sacree-aix.fr\/wp-content\/uploads\/2021\/06\/IMGP2411116-scaled.jpg\" \/>\n\t<meta property=\"og:image:width\" content=\"2560\" \/>\n\t<meta property=\"og:image:height\" content=\"916\" \/>\n\t<meta property=\"og:image:type\" content=\"image\/jpeg\" \/>\n<meta name=\"twitter:card\" content=\"summary_large_image\" \/>\n<meta name=\"twitter:label1\" content=\"Dur\u00e9e de lecture estim\u00e9e\" \/>\n\t<meta name=\"twitter:data1\" content=\"3 minutes\" \/>\n<script type=\"application\/ld+json\" class=\"yoast-schema-graph\">{\"@context\":\"https:\/\/schema.org\",\"@graph\":[{\"@type\":\"Organization\",\"@id\":\"https:\/\/musique-sacree-aix.fr\/#organization\",\"name\":\"Musique Sacr\\u00e9e \\u00e0 la Cath\\u00e9drale d'Aix-en-Provence\",\"url\":\"https:\/\/musique-sacree-aix.fr\/\",\"sameAs\":[\"https:\/\/www.facebook.com\/musiquesacree.cathedraleaix\/\",\"https:\/\/www.youtube.com\/channel\/UC6PTCinXrlV6yM0dU4YTBww\"],\"logo\":{\"@type\":\"ImageObject\",\"@id\":\"https:\/\/musique-sacree-aix.fr\/#logo\",\"inLanguage\":\"fr-FR\",\"url\":\"https:\/\/musique-sacree-aix.fr\/wp-content\/uploads\/2020\/09\/HD-Logo-MSCA-couleur.png\",\"contentUrl\":\"https:\/\/musique-sacree-aix.fr\/wp-content\/uploads\/2020\/09\/HD-Logo-MSCA-couleur.png\",\"width\":2362,\"height\":2362,\"caption\":\"Musique Sacr\\u00e9e \\u00e0 la Cath\\u00e9drale d'Aix-en-Provence\"},\"image\":{\"@id\":\"https:\/\/musique-sacree-aix.fr\/#logo\"}},{\"@type\":\"WebSite\",\"@id\":\"https:\/\/musique-sacree-aix.fr\/#website\",\"url\":\"https:\/\/musique-sacree-aix.fr\/\",\"name\":\"Musique Sacr\\u00e9e Aix\",\"description\":\"\\u00e0 la Cath\\u00e9drale dAix-en-Provence\",\"publisher\":{\"@id\":\"https:\/\/musique-sacree-aix.fr\/#organization\"},\"potentialAction\":[{\"@type\":\"SearchAction\",\"target\":{\"@type\":\"EntryPoint\",\"urlTemplate\":\"https:\/\/musique-sacree-aix.fr\/?s={search_term_string}\"},\"query-input\":\"required name=search_term_string\"}],\"inLanguage\":\"fr-FR\"},{\"@type\":\"ImageObject\",\"@id\":\"https:\/\/musique-sacree-aix.fr\/index.php\/organiste-titulaire-gregoire-rolland\/#primaryimage\",\"inLanguage\":\"fr-FR\",\"url\":\"https:\/\/musique-sacree-aix.fr\/wp-content\/uploads\/2021\/06\/IMGP2411116-scaled.jpg\",\"contentUrl\":\"https:\/\/musique-sacree-aix.fr\/wp-content\/uploads\/2021\/06\/IMGP2411116-scaled.jpg\",\"width\":2560,\"height\":916},{\"@type\":\"WebPage\",\"@id\":\"https:\/\/musique-sacree-aix.fr\/index.php\/organiste-titulaire-gregoire-rolland\/#webpage\",\"url\":\"https:\/\/musique-sacree-aix.fr\/index.php\/organiste-titulaire-gregoire-rolland\/\",\"name\":\"Gr\\u00e9goire ROLLAND - Musique Sacr\\u00e9e\",\"isPartOf\":{\"@id\":\"https:\/\/musique-sacree-aix.fr\/#website\"},\"primaryImageOfPage\":{\"@id\":\"https:\/\/musique-sacree-aix.fr\/index.php\/organiste-titulaire-gregoire-rolland\/#primaryimage\"},\"datePublished\":\"2021-01-27T11:26:39+00:00\",\"dateModified\":\"2022-09-11T11:28:16+00:00\",\"description\":\"Gr\\u00e9goire ROLLAND, organiste et compositeur est le directeur artistique de l'association Musique Sacr\\u00e9e \\u00e0 la Cath\\u00e9drale d'Aix-en-Provence.\",\"breadcrumb\":{\"@id\":\"https:\/\/musique-sacree-aix.fr\/index.php\/organiste-titulaire-gregoire-rolland\/#breadcrumb\"},\"inLanguage\":\"fr-FR\",\"potentialAction\":[{\"@type\":\"ReadAction\",\"target\":[\"https:\/\/musique-sacree-aix.fr\/index.php\/organiste-titulaire-gregoire-rolland\/\"]}]},{\"@type\":\"BreadcrumbList\",\"@id\":\"https:\/\/musique-sacree-aix.fr\/index.php\/organiste-titulaire-gregoire-rolland\/#breadcrumb\",\"itemListElement\":[{\"@type\":\"ListItem\",\"position\":1,\"name\":\"Accueil\",\"item\":\"https:\/\/musique-sacree-aix.fr\/\"},{\"@type\":\"ListItem\",\"position\":2,\"name\":\"L&rsquo;organiste titulaire\"}]}]}<\/script>\n<!-- \/ Yoast SEO plugin. -->","yoast_head_json":{"title":"Gr\u00e9goire ROLLAND - Musique Sacr\u00e9e","description":"Gr\u00e9goire ROLLAND, organiste et compositeur est le directeur artistique de l'association Musique Sacr\u00e9e \u00e0 la Cath\u00e9drale d'Aix-en-Provence.","robots":{"index":"index","follow":"follow","max-snippet":"max-snippet:-1","max-image-preview":"max-image-preview:large","max-video-preview":"max-video-preview:-1"},"canonical":"https:\/\/musique-sacree-aix.fr\/index.php\/organiste-titulaire-gregoire-rolland\/","og_locale":"fr_FR","og_type":"article","og_title":"Gr\u00e9goire ROLLAND - Musique Sacr\u00e9e","og_description":"Gr\u00e9goire ROLLAND, organiste et compositeur est le directeur artistique de l'association Musique Sacr\u00e9e \u00e0 la Cath\u00e9drale d'Aix-en-Provence.","og_url":"https:\/\/musique-sacree-aix.fr\/index.php\/organiste-titulaire-gregoire-rolland\/","og_site_name":"Musique Sacr\u00e9e","article_publisher":"https:\/\/www.facebook.com\/musiquesacree.cathedraleaix\/","article_modified_time":"2022-09-11T11:28:16+00:00","og_image":[{"width":2560,"height":916,"url":"https:\/\/musique-sacree-aix.fr\/wp-content\/uploads\/2021\/06\/IMGP2411116-scaled.jpg","type":"image\/jpeg"}],"twitter_card":"summary_large_image","twitter_misc":{"Dur\u00e9e de lecture estim\u00e9e":"3 minutes"},"schema":{"@context":"https:\/\/schema.org","@graph":[{"@type":"Organization","@id":"https:\/\/musique-sacree-aix.fr\/#organization","name":"Musique Sacr\u00e9e \u00e0 la Cath\u00e9drale d'Aix-en-Provence","url":"https:\/\/musique-sacree-aix.fr\/","sameAs":["https:\/\/www.facebook.com\/musiquesacree.cathedraleaix\/","https:\/\/www.youtube.com\/channel\/UC6PTCinXrlV6yM0dU4YTBww"],"logo":{"@type":"ImageObject","@id":"https:\/\/musique-sacree-aix.fr\/#logo","inLanguage":"fr-FR","url":"https:\/\/musique-sacree-aix.fr\/wp-content\/uploads\/2020\/09\/HD-Logo-MSCA-couleur.png","contentUrl":"https:\/\/musique-sacree-aix.fr\/wp-content\/uploads\/2020\/09\/HD-Logo-MSCA-couleur.png","width":2362,"height":2362,"caption":"Musique Sacr\u00e9e \u00e0 la Cath\u00e9drale d'Aix-en-Provence"},"image":{"@id":"https:\/\/musique-sacree-aix.fr\/#logo"}},{"@type":"WebSite","@id":"https:\/\/musique-sacree-aix.fr\/#website","url":"https:\/\/musique-sacree-aix.fr\/","name":"Musique Sacr\u00e9e Aix","description":"\u00e0 la Cath\u00e9drale dAix-en-Provence","publisher":{"@id":"https:\/\/musique-sacree-aix.fr\/#organization"},"potentialAction":[{"@type":"SearchAction","target":{"@type":"EntryPoint","urlTemplate":"https:\/\/musique-sacree-aix.fr\/?s={search_term_string}"},"query-input":"required name=search_term_string"}],"inLanguage":"fr-FR"},{"@type":"ImageObject","@id":"https:\/\/musique-sacree-aix.fr\/index.php\/organiste-titulaire-gregoire-rolland\/#primaryimage","inLanguage":"fr-FR","url":"https:\/\/musique-sacree-aix.fr\/wp-content\/uploads\/2021\/06\/IMGP2411116-scaled.jpg","contentUrl":"https:\/\/musique-sacree-aix.fr\/wp-content\/uploads\/2021\/06\/IMGP2411116-scaled.jpg","width":2560,"height":916},{"@type":"WebPage","@id":"https:\/\/musique-sacree-aix.fr\/index.php\/organiste-titulaire-gregoire-rolland\/#webpage","url":"https:\/\/musique-sacree-aix.fr\/index.php\/organiste-titulaire-gregoire-rolland\/","name":"Gr\u00e9goire ROLLAND - Musique Sacr\u00e9e","isPartOf":{"@id":"https:\/\/musique-sacree-aix.fr\/#website"},"primaryImageOfPage":{"@id":"https:\/\/musique-sacree-aix.fr\/index.php\/organiste-titulaire-gregoire-rolland\/#primaryimage"},"datePublished":"2021-01-27T11:26:39+00:00","dateModified":"2022-09-11T11:28:16+00:00","description":"Gr\u00e9goire ROLLAND, organiste et compositeur est le directeur artistique de l'association Musique Sacr\u00e9e \u00e0 la Cath\u00e9drale d'Aix-en-Provence.","breadcrumb":{"@id":"https:\/\/musique-sacree-aix.fr\/index.php\/organiste-titulaire-gregoire-rolland\/#breadcrumb"},"inLanguage":"fr-FR","potentialAction":[{"@type":"ReadAction","target":["https:\/\/musique-sacree-aix.fr\/index.php\/organiste-titulaire-gregoire-rolland\/"]}]},{"@type":"BreadcrumbList","@id":"https:\/\/musique-sacree-aix.fr\/index.php\/organiste-titulaire-gregoire-rolland\/#breadcrumb","itemListElement":[{"@type":"ListItem","position":1,"name":"Accueil","item":"https:\/\/musique-sacree-aix.fr\/"},{"@type":"ListItem","position":2,"name":"L&rsquo;organiste titulaire"}]}]}},"jetpack_sharing_enabled":true,"_links":{"self":[{"href":"https:\/\/musique-sacree-aix.fr\/index.php\/wp-json\/wp\/v2\/pages\/287"}],"collection":[{"href":"https:\/\/musique-sacree-aix.fr\/index.php\/wp-json\/wp\/v2\/pages"}],"about":[{"href":"https:\/\/musique-sacree-aix.fr\/index.php\/wp-json\/wp\/v2\/types\/page"}],"author":[{"embeddable":true,"href":"https:\/\/musique-sacree-aix.fr\/index.php\/wp-json\/wp\/v2\/users\/1"}],"replies":[{"embeddable":true,"href":"https:\/\/musique-sacree-aix.fr\/index.php\/wp-json\/wp\/v2\/comments?post=287"}],"version-history":[{"count":6,"href":"https:\/\/musique-sacree-aix.fr\/index.php\/wp-json\/wp\/v2\/pages\/287\/revisions"}],"predecessor-version":[{"id":811,"href":"https:\/\/musique-sacree-aix.fr\/index.php\/wp-json\/wp\/v2\/pages\/287\/revisions\/811"}],"wp:featuredmedia":[{"embeddable":true,"href":"https:\/\/musique-sacree-aix.fr\/index.php\/wp-json\/wp\/v2\/media\/312"}],"wp:attachment":[{"href":"https:\/\/musique-sacree-aix.fr\/index.php\/wp-json\/wp\/v2\/media?parent=287"}],"curies":[{"name":"wp","href":"https:\/\/api.w.org\/{rel}","templated":true}]}}