{"id":238,"date":"2020-12-21T17:52:16","date_gmt":"2020-12-21T16:52:16","guid":{"rendered":"http:\/\/musique-sacree-aix.fr\/?page_id=238"},"modified":"2020-12-21T18:08:47","modified_gmt":"2020-12-21T17:08:47","slug":"gestion-des-cookies","status":"publish","type":"page","link":"https:\/\/musique-sacree-aix.fr\/index.php\/gestion-des-cookies\/","title":{"rendered":"Gestion des cookies"},"content":{"rendered":"\n<p>Les informations ci-dessous vous permettent de mieux comprendre le fonctionnement des cookies et l&rsquo;utilisation des outils actuels afin de les param\u00e9trer. Ce sont des informations d\u2019ordre g\u00e9n\u00e9ral qui s\u2019appliquent en partie sur notre site.<\/p>\n\n\n\n<h2>QU\u2019EST-CE QU\u2019UN COOKIE ?<\/h2>\n\n\n\n<p>Le cookie est un fichier texte d\u00e9pos\u00e9 sur le disque dur de votre ordinateur, votre tablette ou mobile lorsque vous vous rendez sur un site web. Il a pour int\u00e9r\u00eat de faciliter votre navigation, de vous proposer des services personnalis\u00e9s en collectant des informations au gr\u00e9 de vos consultations de sites et ce, pendant la dur\u00e9e de validit\u00e9 du cookie. Le param\u00e9trage des cookies se g\u00e8re dans votre navigateur Internet. Vous disposez du choix d\u2019activer ou non ces cookies sur votre ordinateur (voir plus loin).<\/p>\n\n\n\n<p>Les cookies enregistr\u00e9s par un site ou par des tiers lorsque vous visitez un site Internet ne vous reconnaissent pas personnellement en tant qu&rsquo;individu ; ils reconnaissent seulement l&rsquo;appareil que vous \u00eates en train d&rsquo;utiliser. Les cookies ne causent aucun dommage, de quelque sorte que ce soit, \u00e0 votre appareil mais ils vous permettent de b\u00e9n\u00e9ficier de certaines fonctionnalit\u00e9s d\u2019un site Internet (par exemple, ils vous permettent de faire des r\u00e9servations et de retourner sur des pages sur lesquelles vous avez effectu\u00e9 des recherches. Ils aident \u00e9galement l\u2019\u00e9diteur \u00e0 garder le site Internet s\u00e9curis\u00e9, rappeler vos pr\u00e9f\u00e9rences et personnaliser le contenu).<\/p>\n\n\n\n<h2>LES DIFFERENTS TYPES DE COOKIES<\/h2>\n\n\n\n<p>Pour pouvoir utiliser pleinement un site Internet sur votre ordinateur, votre tablette ou votre mobile, vous devez accepter les cookies. Certains cookies techniques sont parfois indispensables pour le bon fonctionnement d\u2019un site internet. Leur suppression peut entrainer des difficult\u00e9s de navigation ainsi que l&rsquo;impossibilit\u00e9 de souscrire en ligne \u00e0 des offres.<\/p>\n\n\n\n<p>Sur les sites internet, vous pouvez trouver diff\u00e9rents types de cookies.<\/p>\n\n\n\n<h3>1 &#8211; LES COOKIES TECHNIQUES (dont cookies mesure d\u2019audience)<\/h3>\n\n\n\n<p>Ces cookies sont indispensables au bon fonctionnement d\u2019un site internet. Exemples de cookies techniques : savoir si vous \u00eates connect\u00e9 ou non \u00e0 votre espace client ou espace r\u00e9serv\u00e9, gestion de votre s\u00e9lection de produits ou services\u2026 Tout site est \u00e9galement susceptible d\u2019utiliser des cookies de mesures de statistiques et d\u2019audience destin\u00e9es \u00e0 d\u00e9terminer le nombre de visiteurs, les rubriques visit\u00e9es\u2026 Ces informations permettent \u00e9galement \u00e0 l\u2019\u00e9diteur de rep\u00e9rer les possibles bugs sur le site, de les corriger et de proposer une offre adapt\u00e9e.<\/p>\n\n\n\n<h3>2 &#8211; LES COOKIES D\u2019APPLICATIONS TIERCES<\/h3>\n\n\n\n<p>Sur certains sites, il existe des applications qui vous permettent de faire conna\u00eetre ou bien de partager nos contenus aupr\u00e8s d\u2019autres personnes, et ce en particulier sur les r\u00e9seaux sociaux tels que Facebook, Twitter, Google Plus, Pinterest, etc. M\u00eame si vous n\u2019avez pas utilis\u00e9 ces boutons de partage ou applications, il est possible que les r\u00e9seaux sociaux suivent votre navigation si jamais votre compte ou session est activ\u00e9e sur votre ordinateur \u00e0 ce moment-l\u00e0. Nous vous conseillons de vous renseigner sur les modalit\u00e9s et politiques de protection des donn\u00e9es des sites de ces r\u00e9seaux sociaux.<\/p>\n\n\n\n<h3>3 &#8211; LES COOKIES DE PARTENAIRES PUBLICITAIRES<\/h3>\n\n\n\n<p>Ce sont des cookies d\u00e9pos\u00e9s par des soci\u00e9t\u00e9s autres que le site visit\u00e9 qui sont souvent des partenaires commerciaux, prestataires de publicit\u00e9 cibl\u00e9e. Le responsable du site n\u2019a pas de pouvoir d\u2019action sur ces cookies qui sont g\u00e9r\u00e9s par d\u2019autres soci\u00e9t\u00e9s. Seul l\u2019\u00e9metteur d&rsquo;un cookie peut lire ou modifier les informations de ce cookie. Un site accueillant des partenaires publicitaires est susceptible de leurs transmettre des informations en lien avec vos achats et produits consult\u00e9s si c\u2019est le cas. Ces soci\u00e9t\u00e9s doivent s\u2019engager \u00e0 garder ces donn\u00e9es confidentielles dans le cadre de la loi informatique et libert\u00e9s (6 janvier 1978).<\/p>\n\n\n\n<h3>4 &#8211; LES COOKIES OPTIONNELS<\/h3>\n\n\n\n<p>Ces cookies, sont destin\u00e9s \u00e0 am\u00e9liorer l\u2019exp\u00e9rience utilisateur et de faciliter les recherches de l\u2019utilisateur en proposant des produits et offres en lien avec les centres d\u2019int\u00e9r\u00eat de l\u2019utilisateur. Ils ne sont pas indispensables \u00e0 la navigation. Exemples de cookies : affichage de banni\u00e8res personnalis\u00e9es en dehors de notre site, syst\u00e8me de recommandations de produits (dernier produit consult\u00e9, vous aimerez aussi\u2026).<\/p>\n\n\n\n<h2>GESTION DES COOKIES<\/h2>\n\n\n\n<h3>1 &#8211; QUE SE PASSE-T-IL SI JE N\u2019AUTORISE PAS LES COOKIES&nbsp;?<\/h3>\n\n\n\n<p><strong>Si les cookies ne sont pas autoris\u00e9s sur votre ordinateur, votre tablette ou votre mobile, l\u2019utilisation de fonctionnalit\u00e9s d\u2019un site internet peut \u00eatre parfois limit\u00e9e (par exemple, pour certains sites marchands, en fonction des navigateurs, il se peut que vous ne puissiez naviguer librement sur tout le site ou que vous ne puissiez ajouter des produits \u00e0 votre panier et les acheter).<\/strong><\/p>\n\n\n\n<h3>2 &#8211; GERER LES COOKIES DEPUIS VOTRE NAVIGATEUR<\/h3>\n\n\n\n<p>En param\u00e9trant votre navigateur vous pouvez \u00e0 tout moment et gratuitement, d\u00e9cider d\u2019activer ou non les cookies sur votre ordinateur. Cette configuration \u00ab \u00e0 la carte \u00bb vous permet d\u2019accepter\/de refuser tous les cookies ou bien de les traiter au cas par cas. L\u2019interdiction totale des cookies sur votre ordinateur peut entra\u00eener des probl\u00e8mes de navigation sur un site. Pour d\u00e9sactiver les cookies sur votre navigateur, nous vous invitons \u00e0 consulter les pages suivantes :<\/p>\n\n\n\n<ul><li><a href=\"http:\/\/windows.microsoft.com\/fr-FR\/windows-vista\/Block-or-allow-cookies\">Internet explorer<\/a><\/li><li><a href=\"http:\/\/support.apple.com\/kb\/ht1677?viewlocale=fr_FR\">Safari<\/a><\/li><li><a href=\"https:\/\/www.google.com\/intl\/fr_fr\/policies\/technologies\/managing\/\">Chrome<\/a><\/li><li><a href=\"https:\/\/support.mozilla.org\/fr\/kb\/activer-desactiver-cookies?redirectlocale=fr&amp;redirectslug=Activer+et+d%C3%A9sactiver+les+cookies\">Firefox<\/a><\/li><li>Pour les autres navigateurs : veuillez consulter votre documentation ou des fichiers d&rsquo;aide en ligne<\/li><\/ul>\n\n\n\n<h3>3 &#8211; GERER LES COOKIES TIERS<\/h3>\n\n\n\n<p>Les cookies tiers ne sont pas enregistr\u00e9s par le site que vous visitez. Par cons\u00e9quent, nous vous sugg\u00e9rons de regarder les sites Internet de ces tiers pour plus d&rsquo;informations sur les cookies qu&rsquo;ils enregistrent et comment ils les g\u00e8rent.<\/p>\n\n\n\n<h2>EN SAVOIR +<\/h2>\n\n\n\n<p>Pour en savoir plus sur les cookies, nous vous invitons \u00e0 visiter le site de la <a href=\"http:\/\/www.cnil.fr\/vos-obligations\/sites-web-cookies-et-autres-traceurs\/que-dit-la-loi\/\">CNIL<\/a>.<\/p>\n","protected":false},"excerpt":{"rendered":"<p>Les informations ci-dessous vous permettent de mieux comprendre le fonctionnement des cookies et l&rsquo;utilisation des outils actuels afin de les param\u00e9trer. Ce sont des informations d\u2019ordre g\u00e9n\u00e9ral qui s\u2019appliquent en partie sur notre site. QU\u2019EST-CE QU\u2019UN COOKIE ? Le cookie est un fichier texte d\u00e9pos\u00e9 sur le disque dur de votre ordinateur, votre tablette ou &hellip; <\/p>\n","protected":false},"author":1,"featured_media":250,"parent":0,"menu_order":0,"comment_status":"closed","ping_status":"closed","template":"","meta":{"spay_email":""},"yoast_head":"<!-- This site is optimized with the Yoast SEO plugin v17.9 - https:\/\/yoast.com\/wordpress\/plugins\/seo\/ -->\n<title>Gestion des cookies - Musique Sacr\u00e9e<\/title>\n<meta name=\"robots\" content=\"index, follow, max-snippet:-1, max-image-preview:large, max-video-preview:-1\" \/>\n<link rel=\"canonical\" href=\"https:\/\/musique-sacree-aix.fr\/index.php\/gestion-des-cookies\/\" \/>\n<meta property=\"og:locale\" content=\"fr_FR\" \/>\n<meta property=\"og:type\" content=\"article\" \/>\n<meta property=\"og:title\" content=\"Gestion des cookies - Musique Sacr\u00e9e\" \/>\n<meta property=\"og:description\" content=\"Les informations ci-dessous vous permettent de mieux comprendre le fonctionnement des cookies et l&rsquo;utilisation des outils actuels afin de les param\u00e9trer. Ce sont des informations d\u2019ordre g\u00e9n\u00e9ral qui s\u2019appliquent en partie sur notre site. QU\u2019EST-CE QU\u2019UN COOKIE ? Le cookie est un fichier texte d\u00e9pos\u00e9 sur le disque dur de votre ordinateur, votre tablette ou &hellip;\" \/>\n<meta property=\"og:url\" content=\"https:\/\/musique-sacree-aix.fr\/index.php\/gestion-des-cookies\/\" \/>\n<meta property=\"og:site_name\" content=\"Musique Sacr\u00e9e\" \/>\n<meta property=\"article:publisher\" content=\"https:\/\/www.facebook.com\/musiquesacree.cathedraleaix\/\" \/>\n<meta property=\"article:modified_time\" content=\"2020-12-21T17:08:47+00:00\" \/>\n<meta property=\"og:image\" content=\"https:\/\/musique-sacree-aix.fr\/wp-content\/uploads\/2020\/12\/regulation-3246979_1280.jpg\" \/>\n\t<meta property=\"og:image:width\" content=\"1280\" \/>\n\t<meta property=\"og:image:height\" content=\"600\" \/>\n\t<meta property=\"og:image:type\" content=\"image\/jpeg\" \/>\n<meta name=\"twitter:card\" content=\"summary_large_image\" \/>\n<meta name=\"twitter:label1\" content=\"Dur\u00e9e de lecture estim\u00e9e\" \/>\n\t<meta name=\"twitter:data1\" content=\"5 minutes\" \/>\n<script type=\"application\/ld+json\" class=\"yoast-schema-graph\">{\"@context\":\"https:\/\/schema.org\",\"@graph\":[{\"@type\":\"Organization\",\"@id\":\"https:\/\/musique-sacree-aix.fr\/#organization\",\"name\":\"Musique Sacr\\u00e9e \\u00e0 la Cath\\u00e9drale d'Aix-en-Provence\",\"url\":\"https:\/\/musique-sacree-aix.fr\/\",\"sameAs\":[\"https:\/\/www.facebook.com\/musiquesacree.cathedraleaix\/\",\"https:\/\/www.youtube.com\/channel\/UC6PTCinXrlV6yM0dU4YTBww\"],\"logo\":{\"@type\":\"ImageObject\",\"@id\":\"https:\/\/musique-sacree-aix.fr\/#logo\",\"inLanguage\":\"fr-FR\",\"url\":\"https:\/\/musique-sacree-aix.fr\/wp-content\/uploads\/2020\/09\/HD-Logo-MSCA-couleur.png\",\"contentUrl\":\"https:\/\/musique-sacree-aix.fr\/wp-content\/uploads\/2020\/09\/HD-Logo-MSCA-couleur.png\",\"width\":2362,\"height\":2362,\"caption\":\"Musique Sacr\\u00e9e \\u00e0 la Cath\\u00e9drale d'Aix-en-Provence\"},\"image\":{\"@id\":\"https:\/\/musique-sacree-aix.fr\/#logo\"}},{\"@type\":\"WebSite\",\"@id\":\"https:\/\/musique-sacree-aix.fr\/#website\",\"url\":\"https:\/\/musique-sacree-aix.fr\/\",\"name\":\"Musique Sacr\\u00e9e Aix\",\"description\":\"\\u00e0 la Cath\\u00e9drale dAix-en-Provence\",\"publisher\":{\"@id\":\"https:\/\/musique-sacree-aix.fr\/#organization\"},\"potentialAction\":[{\"@type\":\"SearchAction\",\"target\":{\"@type\":\"EntryPoint\",\"urlTemplate\":\"https:\/\/musique-sacree-aix.fr\/?s={search_term_string}\"},\"query-input\":\"required name=search_term_string\"}],\"inLanguage\":\"fr-FR\"},{\"@type\":\"ImageObject\",\"@id\":\"https:\/\/musique-sacree-aix.fr\/index.php\/gestion-des-cookies\/#primaryimage\",\"inLanguage\":\"fr-FR\",\"url\":\"https:\/\/musique-sacree-aix.fr\/wp-content\/uploads\/2020\/12\/regulation-3246979_1280.jpg\",\"contentUrl\":\"https:\/\/musique-sacree-aix.fr\/wp-content\/uploads\/2020\/12\/regulation-3246979_1280.jpg\",\"width\":1280,\"height\":600},{\"@type\":\"WebPage\",\"@id\":\"https:\/\/musique-sacree-aix.fr\/index.php\/gestion-des-cookies\/#webpage\",\"url\":\"https:\/\/musique-sacree-aix.fr\/index.php\/gestion-des-cookies\/\",\"name\":\"Gestion des cookies - Musique Sacr\\u00e9e\",\"isPartOf\":{\"@id\":\"https:\/\/musique-sacree-aix.fr\/#website\"},\"primaryImageOfPage\":{\"@id\":\"https:\/\/musique-sacree-aix.fr\/index.php\/gestion-des-cookies\/#primaryimage\"},\"datePublished\":\"2020-12-21T16:52:16+00:00\",\"dateModified\":\"2020-12-21T17:08:47+00:00\",\"breadcrumb\":{\"@id\":\"https:\/\/musique-sacree-aix.fr\/index.php\/gestion-des-cookies\/#breadcrumb\"},\"inLanguage\":\"fr-FR\",\"potentialAction\":[{\"@type\":\"ReadAction\",\"target\":[\"https:\/\/musique-sacree-aix.fr\/index.php\/gestion-des-cookies\/\"]}]},{\"@type\":\"BreadcrumbList\",\"@id\":\"https:\/\/musique-sacree-aix.fr\/index.php\/gestion-des-cookies\/#breadcrumb\",\"itemListElement\":[{\"@type\":\"ListItem\",\"position\":1,\"name\":\"Accueil\",\"item\":\"https:\/\/musique-sacree-aix.fr\/\"},{\"@type\":\"ListItem\",\"position\":2,\"name\":\"Gestion des cookies\"}]}]}<\/script>\n<!-- \/ Yoast SEO plugin. -->","yoast_head_json":{"title":"Gestion des cookies - Musique Sacr\u00e9e","robots":{"index":"index","follow":"follow","max-snippet":"max-snippet:-1","max-image-preview":"max-image-preview:large","max-video-preview":"max-video-preview:-1"},"canonical":"https:\/\/musique-sacree-aix.fr\/index.php\/gestion-des-cookies\/","og_locale":"fr_FR","og_type":"article","og_title":"Gestion des cookies - Musique Sacr\u00e9e","og_description":"Les informations ci-dessous vous permettent de mieux comprendre le fonctionnement des cookies et l&rsquo;utilisation des outils actuels afin de les param\u00e9trer. Ce sont des informations d\u2019ordre g\u00e9n\u00e9ral qui s\u2019appliquent en partie sur notre site. QU\u2019EST-CE QU\u2019UN COOKIE ? Le cookie est un fichier texte d\u00e9pos\u00e9 sur le disque dur de votre ordinateur, votre tablette ou &hellip;","og_url":"https:\/\/musique-sacree-aix.fr\/index.php\/gestion-des-cookies\/","og_site_name":"Musique Sacr\u00e9e","article_publisher":"https:\/\/www.facebook.com\/musiquesacree.cathedraleaix\/","article_modified_time":"2020-12-21T17:08:47+00:00","og_image":[{"width":1280,"height":600,"url":"https:\/\/musique-sacree-aix.fr\/wp-content\/uploads\/2020\/12\/regulation-3246979_1280.jpg","type":"image\/jpeg"}],"twitter_card":"summary_large_image","twitter_misc":{"Dur\u00e9e de lecture estim\u00e9e":"5 minutes"},"schema":{"@context":"https:\/\/schema.org","@graph":[{"@type":"Organization","@id":"https:\/\/musique-sacree-aix.fr\/#organization","name":"Musique Sacr\u00e9e \u00e0 la Cath\u00e9drale d'Aix-en-Provence","url":"https:\/\/musique-sacree-aix.fr\/","sameAs":["https:\/\/www.facebook.com\/musiquesacree.cathedraleaix\/","https:\/\/www.youtube.com\/channel\/UC6PTCinXrlV6yM0dU4YTBww"],"logo":{"@type":"ImageObject","@id":"https:\/\/musique-sacree-aix.fr\/#logo","inLanguage":"fr-FR","url":"https:\/\/musique-sacree-aix.fr\/wp-content\/uploads\/2020\/09\/HD-Logo-MSCA-couleur.png","contentUrl":"https:\/\/musique-sacree-aix.fr\/wp-content\/uploads\/2020\/09\/HD-Logo-MSCA-couleur.png","width":2362,"height":2362,"caption":"Musique Sacr\u00e9e \u00e0 la Cath\u00e9drale d'Aix-en-Provence"},"image":{"@id":"https:\/\/musique-sacree-aix.fr\/#logo"}},{"@type":"WebSite","@id":"https:\/\/musique-sacree-aix.fr\/#website","url":"https:\/\/musique-sacree-aix.fr\/","name":"Musique Sacr\u00e9e Aix","description":"\u00e0 la Cath\u00e9drale dAix-en-Provence","publisher":{"@id":"https:\/\/musique-sacree-aix.fr\/#organization"},"potentialAction":[{"@type":"SearchAction","target":{"@type":"EntryPoint","urlTemplate":"https:\/\/musique-sacree-aix.fr\/?s={search_term_string}"},"query-input":"required name=search_term_string"}],"inLanguage":"fr-FR"},{"@type":"ImageObject","@id":"https:\/\/musique-sacree-aix.fr\/index.php\/gestion-des-cookies\/#primaryimage","inLanguage":"fr-FR","url":"https:\/\/musique-sacree-aix.fr\/wp-content\/uploads\/2020\/12\/regulation-3246979_1280.jpg","contentUrl":"https:\/\/musique-sacree-aix.fr\/wp-content\/uploads\/2020\/12\/regulation-3246979_1280.jpg","width":1280,"height":600},{"@type":"WebPage","@id":"https:\/\/musique-sacree-aix.fr\/index.php\/gestion-des-cookies\/#webpage","url":"https:\/\/musique-sacree-aix.fr\/index.php\/gestion-des-cookies\/","name":"Gestion des cookies - Musique Sacr\u00e9e","isPartOf":{"@id":"https:\/\/musique-sacree-aix.fr\/#website"},"primaryImageOfPage":{"@id":"https:\/\/musique-sacree-aix.fr\/index.php\/gestion-des-cookies\/#primaryimage"},"datePublished":"2020-12-21T16:52:16+00:00","dateModified":"2020-12-21T17:08:47+00:00","breadcrumb":{"@id":"https:\/\/musique-sacree-aix.fr\/index.php\/gestion-des-cookies\/#breadcrumb"},"inLanguage":"fr-FR","potentialAction":[{"@type":"ReadAction","target":["https:\/\/musique-sacree-aix.fr\/index.php\/gestion-des-cookies\/"]}]},{"@type":"BreadcrumbList","@id":"https:\/\/musique-sacree-aix.fr\/index.php\/gestion-des-cookies\/#breadcrumb","itemListElement":[{"@type":"ListItem","position":1,"name":"Accueil","item":"https:\/\/musique-sacree-aix.fr\/"},{"@type":"ListItem","position":2,"name":"Gestion des cookies"}]}]}},"jetpack_sharing_enabled":true,"_links":{"self":[{"href":"https:\/\/musique-sacree-aix.fr\/index.php\/wp-json\/wp\/v2\/pages\/238"}],"collection":[{"href":"https:\/\/musique-sacree-aix.fr\/index.php\/wp-json\/wp\/v2\/pages"}],"about":[{"href":"https:\/\/musique-sacree-aix.fr\/index.php\/wp-json\/wp\/v2\/types\/page"}],"author":[{"embeddable":true,"href":"https:\/\/musique-sacree-aix.fr\/index.php\/wp-json\/wp\/v2\/users\/1"}],"replies":[{"embeddable":true,"href":"https:\/\/musique-sacree-aix.fr\/index.php\/wp-json\/wp\/v2\/comments?post=238"}],"version-history":[{"count":1,"href":"https:\/\/musique-sacree-aix.fr\/index.php\/wp-json\/wp\/v2\/pages\/238\/revisions"}],"predecessor-version":[{"id":239,"href":"https:\/\/musique-sacree-aix.fr\/index.php\/wp-json\/wp\/v2\/pages\/238\/revisions\/239"}],"wp:featuredmedia":[{"embeddable":true,"href":"https:\/\/musique-sacree-aix.fr\/index.php\/wp-json\/wp\/v2\/media\/250"}],"wp:attachment":[{"href":"https:\/\/musique-sacree-aix.fr\/index.php\/wp-json\/wp\/v2\/media?parent=238"}],"curies":[{"name":"wp","href":"https:\/\/api.w.org\/{rel}","templated":true}]}}